{"id":388,"date":"2017-04-18T14:06:54","date_gmt":"2017-04-18T12:06:54","guid":{"rendered":"http:\/\/inycial.com\/?page_id=388"},"modified":"2023-10-18T22:17:08","modified_gmt":"2023-10-18T20:17:08","slug":"diseno-de-tuberias-y-soportes","status":"publish","type":"page","link":"https:\/\/inycial.com\/index.php\/inycia-ingenieros-y-consultores\/servicios\/ingenieria-industrial\/instalaciones-industriales\/diseno-de-tuberias-y-soportes\/","title":{"rendered":"Dise\u00f1o de tuber\u00edas y soportes"},"content":{"rendered":"<p><img loading=\"lazy\" decoding=\"async\" class=\"alignnone wp-image-393\" src=\"http:\/\/inycial.com\/wp-content\/uploads\/2017\/04\/diseno_tuberias_1-300x219.jpg\" alt=\"\" width=\"226\" height=\"165\" srcset=\"https:\/\/inycial.com\/wp-content\/uploads\/2017\/04\/diseno_tuberias_1-300x219.jpg 300w, https:\/\/inycial.com\/wp-content\/uploads\/2017\/04\/diseno_tuberias_1.jpg 501w\" sizes=\"auto, (max-width: 226px) 100vw, 226px\" \/> <img loading=\"lazy\" decoding=\"async\" class=\"alignnone wp-image-90\" src=\"http:\/\/inycial.com\/wp-content\/uploads\/2017\/04\/engineering-2-300x192.jpg\" alt=\"\" width=\"250\" height=\"160\" srcset=\"https:\/\/inycial.com\/wp-content\/uploads\/2017\/04\/engineering-2-300x192.jpg 300w, https:\/\/inycial.com\/wp-content\/uploads\/2017\/04\/engineering-2.jpg 516w\" sizes=\"auto, (max-width: 250px) 100vw, 250px\" \/><img loading=\"lazy\" decoding=\"async\" class=\"alignnone wp-image-391\" src=\"http:\/\/inycial.com\/wp-content\/uploads\/2017\/04\/diseno_tuberias_2-300x220.jpg\" alt=\"\" width=\"238\" height=\"174\" srcset=\"https:\/\/inycial.com\/wp-content\/uploads\/2017\/04\/diseno_tuberias_2-300x220.jpg 300w, https:\/\/inycial.com\/wp-content\/uploads\/2017\/04\/diseno_tuberias_2.jpg 500w\" sizes=\"auto, (max-width: 238px) 100vw, 238px\" \/> <img loading=\"lazy\" decoding=\"async\" class=\"alignnone wp-image-392\" src=\"http:\/\/inycial.com\/wp-content\/uploads\/2017\/04\/diseno_tuberias_3-300x201.jpg\" alt=\"\" width=\"270\" height=\"181\" srcset=\"https:\/\/inycial.com\/wp-content\/uploads\/2017\/04\/diseno_tuberias_3-300x201.jpg 300w, https:\/\/inycial.com\/wp-content\/uploads\/2017\/04\/diseno_tuberias_3.jpg 408w\" sizes=\"auto, (max-width: 270px) 100vw, 270px\" \/><\/p>\n<p>El\u00a0equipo de profesionales de <span style=\"color: #0000ff;\"><strong><em>Inycia<\/em><\/strong><\/span> dispone de amplia experiencia en el <strong>c\u00e1lculo y el dise\u00f1o de\u00a0tuber\u00edas y soportes de tuber\u00edas<\/strong>:<\/p>\n<ul>\n<li>Especificaciones de tuber\u00edas (materiales, traceado, pintura, aislamiento, etc.).<\/li>\n<li>Dise\u00f1o Hidr\u00e1ulico de tuber\u00edas (flujo, velocidades, ca\u00edda de presi\u00f3n, NPSH disponible).<\/li>\n<li>Dise\u00f1o mec\u00e1nico de tuber\u00edas (c\u00e1lculo de espesores de acuerdo a ASME B31.1 \/ B31.3 \/ EN13480, etc.).<\/li>\n<li>Dise\u00f1o de sistemas de tuber\u00edas (routing, lay-out e isom\u00e9tricos)<\/li>\n<li>Recuentos (MTOs) de materiales.<\/li>\n<li><strong>An\u00e1lisis de flexibilidad y c\u00e1lculo de estr\u00e9s de tuber\u00edas<\/strong> con <a href=\"http:\/\/www.sstusa.com\/pipe-stress-analysis-tutorial.php\">CAEPIPE de SST Systems, Inc.<\/a> o <a href=\"https:\/\/www.autopipe.es\/\">Bentley AUTOPIPE<\/a>, \u00a0software que realiza an\u00e1lisis est\u00e1ticos y din\u00e1micos lineales y no lineales de sistemas de tuber\u00edas 3D utilizando algoritmos de soluci\u00f3n optimizados, probados y verificados.<\/li>\n<li><strong>Estudio de golpe de ariete en tuber\u00edas<\/strong> con <a href=\"https:\/\/www.aft.com\/products\/impulse\">AFT Impulse<\/a> de la empresa Applied Flow Technology, software\u00a0de an\u00e1lisis\u00a0y simulaci\u00f3n din\u00e1mica que se utiliza para calcular transitorios de sobrepresi\u00f3n\u00a0en\u00a0sistemas de tuber\u00edas de l\u00edquidos causados \u200b\u200bpor\u00a0golpes de ariete.<\/li>\n<li>Dise\u00f1o y c\u00e1lculo de soportes de tuber\u00edas. Est\u00e1ndares de soportes.<\/li>\n<li>Despiece de soportes de tuber\u00edas y medici\u00f3n detallada para el control de obra.<\/li>\n<li>Elaboraci\u00f3n de circuitos para prueba hidr\u00e1ulica de tuber\u00edas.<\/li>\n<li>Trameado y espuleado de tuber\u00eda.<\/li>\n<li>Supervisi\u00f3n fabricaci\u00f3n y montaje de tuber\u00edas.<\/li>\n<\/ul>\n","protected":false},"excerpt":{"rendered":"<p>El\u00a0equipo de profesionales de Inycia dispone de amplia experiencia en el c\u00e1lculo y el dise\u00f1o de\u00a0tuber\u00edas y soportes de tuber\u00edas: Especificaciones de tuber\u00edas (materiales, traceado, pintura, aislamiento, etc.). Dise\u00f1o Hidr\u00e1ulico de tuber\u00edas (flujo, velocidades, ca\u00edda de presi\u00f3n, NPSH disponible). Dise\u00f1o mec\u00e1nico de tuber\u00edas (c\u00e1lculo de espesores de acuerdo a ASME B31.1 \/ B31.3 \/ EN13480, etc.). Dise\u00f1o de sistemas de tuber\u00edas (routing, lay-out e isom\u00e9tricos) [&hellip;]<\/p>\n","protected":false},"author":1,"featured_media":791,"parent":569,"menu_order":12,"comment_status":"closed","ping_status":"closed","template":"template-full-width.php","meta":{"footnotes":""},"class_list":["post-388","page","type-page","status-publish","has-post-thumbnail","hentry"],"yoast_head":"<!-- This site is optimized with the Yoast SEO plugin v27.4 - https:\/\/yoast.com\/product\/yoast-seo-wordpress\/ -->\n<title>Dise\u00f1o de tuber\u00edas y soportes - Inycia Ingenieros y Consultores<\/title>\n<meta name=\"robots\" content=\"index, follow, max-snippet:-1, max-image-preview:large, max-video-preview:-1\" \/>\n<link rel=\"canonical\" href=\"https:\/\/inycial.com\/index.php\/inycia-ingenieros-y-consultores\/servicios\/ingenieria-industrial\/instalaciones-industriales\/diseno-de-tuberias-y-soportes\/\" \/>\n<meta property=\"og:locale\" content=\"es_ES\" \/>\n<meta property=\"og:type\" content=\"article\" \/>\n<meta property=\"og:title\" content=\"Dise\u00f1o de tuber\u00edas y soportes - Inycia Ingenieros y Consultores\" \/>\n<meta property=\"og:description\" content=\"El\u00a0equipo de profesionales de Inycia dispone de amplia experiencia en el c\u00e1lculo y el dise\u00f1o de\u00a0tuber\u00edas y soportes de tuber\u00edas: Especificaciones de tuber\u00edas (materiales, traceado, pintura, aislamiento, etc.). Dise\u00f1o Hidr\u00e1ulico de tuber\u00edas (flujo, velocidades, ca\u00edda de presi\u00f3n, NPSH disponible). Dise\u00f1o mec\u00e1nico de tuber\u00edas (c\u00e1lculo de espesores de acuerdo a ASME B31.1 \/ B31.3 \/ EN13480, etc.). Dise\u00f1o de sistemas de tuber\u00edas (routing, lay-out e isom\u00e9tricos) [&hellip;]\" \/>\n<meta property=\"og:url\" content=\"https:\/\/inycial.com\/index.php\/inycia-ingenieros-y-consultores\/servicios\/ingenieria-industrial\/instalaciones-industriales\/diseno-de-tuberias-y-soportes\/\" \/>\n<meta property=\"og:site_name\" content=\"Inycia Ingenieros y Consultores\" \/>\n<meta property=\"article:publisher\" content=\"https:\/\/www.facebook.com\/inycial\/\" \/>\n<meta property=\"article:modified_time\" content=\"2023-10-18T20:17:08+00:00\" \/>\n<meta property=\"og:image\" content=\"https:\/\/inycial.com\/wp-content\/uploads\/2017\/07\/tuberias.jpg\" \/>\n\t<meta property=\"og:image:width\" content=\"1920\" \/>\n\t<meta property=\"og:image:height\" content=\"1280\" \/>\n\t<meta property=\"og:image:type\" content=\"image\/jpeg\" \/>\n<meta name=\"twitter:card\" content=\"summary_large_image\" \/>\n<meta name=\"twitter:site\" content=\"@inycial\" \/>\n<meta name=\"twitter:label1\" content=\"Tiempo de lectura\" \/>\n\t<meta name=\"twitter:data1\" content=\"2 minutos\" \/>\n<script type=\"application\/ld+json\" class=\"yoast-schema-graph\">{\"@context\":\"https:\\\/\\\/schema.org\",\"@graph\":[{\"@type\":\"WebPage\",\"@id\":\"https:\\\/\\\/inycial.com\\\/index.php\\\/inycia-ingenieros-y-consultores\\\/servicios\\\/ingenieria-industrial\\\/instalaciones-industriales\\\/diseno-de-tuberias-y-soportes\\\/\",\"url\":\"https:\\\/\\\/inycial.com\\\/index.php\\\/inycia-ingenieros-y-consultores\\\/servicios\\\/ingenieria-industrial\\\/instalaciones-industriales\\\/diseno-de-tuberias-y-soportes\\\/\",\"name\":\"Dise\u00f1o de tuber\u00edas y soportes - Inycia Ingenieros y Consultores\",\"isPartOf\":{\"@id\":\"https:\\\/\\\/inycial.com\\\/#website\"},\"primaryImageOfPage\":{\"@id\":\"https:\\\/\\\/inycial.com\\\/index.php\\\/inycia-ingenieros-y-consultores\\\/servicios\\\/ingenieria-industrial\\\/instalaciones-industriales\\\/diseno-de-tuberias-y-soportes\\\/#primaryimage\"},\"image\":{\"@id\":\"https:\\\/\\\/inycial.com\\\/index.php\\\/inycia-ingenieros-y-consultores\\\/servicios\\\/ingenieria-industrial\\\/instalaciones-industriales\\\/diseno-de-tuberias-y-soportes\\\/#primaryimage\"},\"thumbnailUrl\":\"https:\\\/\\\/inycial.com\\\/wp-content\\\/uploads\\\/2017\\\/07\\\/tuberias.jpg\",\"datePublished\":\"2017-04-18T12:06:54+00:00\",\"dateModified\":\"2023-10-18T20:17:08+00:00\",\"breadcrumb\":{\"@id\":\"https:\\\/\\\/inycial.com\\\/index.php\\\/inycia-ingenieros-y-consultores\\\/servicios\\\/ingenieria-industrial\\\/instalaciones-industriales\\\/diseno-de-tuberias-y-soportes\\\/#breadcrumb\"},\"inLanguage\":\"es\",\"potentialAction\":[{\"@type\":\"ReadAction\",\"target\":[\"https:\\\/\\\/inycial.com\\\/index.php\\\/inycia-ingenieros-y-consultores\\\/servicios\\\/ingenieria-industrial\\\/instalaciones-industriales\\\/diseno-de-tuberias-y-soportes\\\/\"]}]},{\"@type\":\"ImageObject\",\"inLanguage\":\"es\",\"@id\":\"https:\\\/\\\/inycial.com\\\/index.php\\\/inycia-ingenieros-y-consultores\\\/servicios\\\/ingenieria-industrial\\\/instalaciones-industriales\\\/diseno-de-tuberias-y-soportes\\\/#primaryimage\",\"url\":\"https:\\\/\\\/inycial.com\\\/wp-content\\\/uploads\\\/2017\\\/07\\\/tuberias.jpg\",\"contentUrl\":\"https:\\\/\\\/inycial.com\\\/wp-content\\\/uploads\\\/2017\\\/07\\\/tuberias.jpg\",\"width\":1920,\"height\":1280,\"caption\":\"- Instalaciones hidr\u00e1ulicas - Instalaciones de gases y fluidos - Dise\u00f1o de soportes y estudios de stress\"},{\"@type\":\"BreadcrumbList\",\"@id\":\"https:\\\/\\\/inycial.com\\\/index.php\\\/inycia-ingenieros-y-consultores\\\/servicios\\\/ingenieria-industrial\\\/instalaciones-industriales\\\/diseno-de-tuberias-y-soportes\\\/#breadcrumb\",\"itemListElement\":[{\"@type\":\"ListItem\",\"position\":1,\"name\":\"Portada\",\"item\":\"https:\\\/\\\/inycial.com\\\/\"},{\"@type\":\"ListItem\",\"position\":2,\"name\":\"Inycia Ingenieros y Consultores\",\"item\":\"https:\\\/\\\/inycial.com\\\/\"},{\"@type\":\"ListItem\",\"position\":3,\"name\":\"SERVICIOS\",\"item\":\"https:\\\/\\\/inycial.com\\\/index.php\\\/inycia-ingenieros-y-consultores\\\/servicios\\\/\"},{\"@type\":\"ListItem\",\"position\":4,\"name\":\"INGENIER\u00cdA INDUSTRIAL\",\"item\":\"https:\\\/\\\/inycial.com\\\/index.php\\\/inycia-ingenieros-y-consultores\\\/servicios\\\/ingenieria-industrial\\\/\"},{\"@type\":\"ListItem\",\"position\":5,\"name\":\"DISE\u00d1O DE INSTALACIONES INDUSTRIALES\",\"item\":\"https:\\\/\\\/inycial.com\\\/index.php\\\/inycia-ingenieros-y-consultores\\\/servicios\\\/ingenieria-industrial\\\/instalaciones-industriales\\\/\"},{\"@type\":\"ListItem\",\"position\":6,\"name\":\"Dise\u00f1o de tuber\u00edas y soportes\"}]},{\"@type\":\"WebSite\",\"@id\":\"https:\\\/\\\/inycial.com\\\/#website\",\"url\":\"https:\\\/\\\/inycial.com\\\/\",\"name\":\"Inycia Ingenieros y Consultores\",\"description\":\"Ingenier\u00eda y Consultor\u00eda instalaciones industriales y seguridad industrial\",\"publisher\":{\"@id\":\"https:\\\/\\\/inycial.com\\\/#organization\"},\"potentialAction\":[{\"@type\":\"SearchAction\",\"target\":{\"@type\":\"EntryPoint\",\"urlTemplate\":\"https:\\\/\\\/inycial.com\\\/?s={search_term_string}\"},\"query-input\":{\"@type\":\"PropertyValueSpecification\",\"valueRequired\":true,\"valueName\":\"search_term_string\"}}],\"inLanguage\":\"es\"},{\"@type\":\"Organization\",\"@id\":\"https:\\\/\\\/inycial.com\\\/#organization\",\"name\":\"Inycia Ingenieros y Consultores\",\"url\":\"https:\\\/\\\/inycial.com\\\/\",\"logo\":{\"@type\":\"ImageObject\",\"inLanguage\":\"es\",\"@id\":\"https:\\\/\\\/inycial.com\\\/#\\\/schema\\\/logo\\\/image\\\/\",\"url\":\"https:\\\/\\\/inycial.com\\\/wp-content\\\/uploads\\\/2017\\\/03\\\/Logo-e1490218059466.jpg\",\"contentUrl\":\"https:\\\/\\\/inycial.com\\\/wp-content\\\/uploads\\\/2017\\\/03\\\/Logo-e1490218059466.jpg\",\"width\":165,\"height\":41,\"caption\":\"Inycia Ingenieros y Consultores\"},\"image\":{\"@id\":\"https:\\\/\\\/inycial.com\\\/#\\\/schema\\\/logo\\\/image\\\/\"},\"sameAs\":[\"https:\\\/\\\/www.facebook.com\\\/inycial\\\/\",\"https:\\\/\\\/x.com\\\/inycial\",\"https:\\\/\\\/www.linkedin.com\\\/company\\\/ingenieria-y-consultoria-instalaciones-almacenamiento-s-l-\",\"https:\\\/\\\/www.pinterest.es\\\/inycial\\\/\"]}]}<\/script>\n<!-- \/ Yoast SEO plugin. -->","yoast_head_json":{"title":"Dise\u00f1o de tuber\u00edas y soportes - Inycia Ingenieros y Consultores","robots":{"index":"index","follow":"follow","max-snippet":"max-snippet:-1","max-image-preview":"max-image-preview:large","max-video-preview":"max-video-preview:-1"},"canonical":"https:\/\/inycial.com\/index.php\/inycia-ingenieros-y-consultores\/servicios\/ingenieria-industrial\/instalaciones-industriales\/diseno-de-tuberias-y-soportes\/","og_locale":"es_ES","og_type":"article","og_title":"Dise\u00f1o de tuber\u00edas y soportes - Inycia Ingenieros y Consultores","og_description":"El\u00a0equipo de profesionales de Inycia dispone de amplia experiencia en el c\u00e1lculo y el dise\u00f1o de\u00a0tuber\u00edas y soportes de tuber\u00edas: Especificaciones de tuber\u00edas (materiales, traceado, pintura, aislamiento, etc.). Dise\u00f1o Hidr\u00e1ulico de tuber\u00edas (flujo, velocidades, ca\u00edda de presi\u00f3n, NPSH disponible). Dise\u00f1o mec\u00e1nico de tuber\u00edas (c\u00e1lculo de espesores de acuerdo a ASME B31.1 \/ B31.3 \/ EN13480, etc.). Dise\u00f1o de sistemas de tuber\u00edas (routing, lay-out e isom\u00e9tricos) [&hellip;]","og_url":"https:\/\/inycial.com\/index.php\/inycia-ingenieros-y-consultores\/servicios\/ingenieria-industrial\/instalaciones-industriales\/diseno-de-tuberias-y-soportes\/","og_site_name":"Inycia Ingenieros y Consultores","article_publisher":"https:\/\/www.facebook.com\/inycial\/","article_modified_time":"2023-10-18T20:17:08+00:00","og_image":[{"width":1920,"height":1280,"url":"https:\/\/inycial.com\/wp-content\/uploads\/2017\/07\/tuberias.jpg","type":"image\/jpeg"}],"twitter_card":"summary_large_image","twitter_site":"@inycial","twitter_misc":{"Tiempo de lectura":"2 minutos"},"schema":{"@context":"https:\/\/schema.org","@graph":[{"@type":"WebPage","@id":"https:\/\/inycial.com\/index.php\/inycia-ingenieros-y-consultores\/servicios\/ingenieria-industrial\/instalaciones-industriales\/diseno-de-tuberias-y-soportes\/","url":"https:\/\/inycial.com\/index.php\/inycia-ingenieros-y-consultores\/servicios\/ingenieria-industrial\/instalaciones-industriales\/diseno-de-tuberias-y-soportes\/","name":"Dise\u00f1o de tuber\u00edas y soportes - Inycia Ingenieros y Consultores","isPartOf":{"@id":"https:\/\/inycial.com\/#website"},"primaryImageOfPage":{"@id":"https:\/\/inycial.com\/index.php\/inycia-ingenieros-y-consultores\/servicios\/ingenieria-industrial\/instalaciones-industriales\/diseno-de-tuberias-y-soportes\/#primaryimage"},"image":{"@id":"https:\/\/inycial.com\/index.php\/inycia-ingenieros-y-consultores\/servicios\/ingenieria-industrial\/instalaciones-industriales\/diseno-de-tuberias-y-soportes\/#primaryimage"},"thumbnailUrl":"https:\/\/inycial.com\/wp-content\/uploads\/2017\/07\/tuberias.jpg","datePublished":"2017-04-18T12:06:54+00:00","dateModified":"2023-10-18T20:17:08+00:00","breadcrumb":{"@id":"https:\/\/inycial.com\/index.php\/inycia-ingenieros-y-consultores\/servicios\/ingenieria-industrial\/instalaciones-industriales\/diseno-de-tuberias-y-soportes\/#breadcrumb"},"inLanguage":"es","potentialAction":[{"@type":"ReadAction","target":["https:\/\/inycial.com\/index.php\/inycia-ingenieros-y-consultores\/servicios\/ingenieria-industrial\/instalaciones-industriales\/diseno-de-tuberias-y-soportes\/"]}]},{"@type":"ImageObject","inLanguage":"es","@id":"https:\/\/inycial.com\/index.php\/inycia-ingenieros-y-consultores\/servicios\/ingenieria-industrial\/instalaciones-industriales\/diseno-de-tuberias-y-soportes\/#primaryimage","url":"https:\/\/inycial.com\/wp-content\/uploads\/2017\/07\/tuberias.jpg","contentUrl":"https:\/\/inycial.com\/wp-content\/uploads\/2017\/07\/tuberias.jpg","width":1920,"height":1280,"caption":"- Instalaciones hidr\u00e1ulicas - Instalaciones de gases y fluidos - Dise\u00f1o de soportes y estudios de stress"},{"@type":"BreadcrumbList","@id":"https:\/\/inycial.com\/index.php\/inycia-ingenieros-y-consultores\/servicios\/ingenieria-industrial\/instalaciones-industriales\/diseno-de-tuberias-y-soportes\/#breadcrumb","itemListElement":[{"@type":"ListItem","position":1,"name":"Portada","item":"https:\/\/inycial.com\/"},{"@type":"ListItem","position":2,"name":"Inycia Ingenieros y Consultores","item":"https:\/\/inycial.com\/"},{"@type":"ListItem","position":3,"name":"SERVICIOS","item":"https:\/\/inycial.com\/index.php\/inycia-ingenieros-y-consultores\/servicios\/"},{"@type":"ListItem","position":4,"name":"INGENIER\u00cdA INDUSTRIAL","item":"https:\/\/inycial.com\/index.php\/inycia-ingenieros-y-consultores\/servicios\/ingenieria-industrial\/"},{"@type":"ListItem","position":5,"name":"DISE\u00d1O DE INSTALACIONES INDUSTRIALES","item":"https:\/\/inycial.com\/index.php\/inycia-ingenieros-y-consultores\/servicios\/ingenieria-industrial\/instalaciones-industriales\/"},{"@type":"ListItem","position":6,"name":"Dise\u00f1o de tuber\u00edas y soportes"}]},{"@type":"WebSite","@id":"https:\/\/inycial.com\/#website","url":"https:\/\/inycial.com\/","name":"Inycia Ingenieros y Consultores","description":"Ingenier\u00eda y Consultor\u00eda instalaciones industriales y seguridad industrial","publisher":{"@id":"https:\/\/inycial.com\/#organization"},"potentialAction":[{"@type":"SearchAction","target":{"@type":"EntryPoint","urlTemplate":"https:\/\/inycial.com\/?s={search_term_string}"},"query-input":{"@type":"PropertyValueSpecification","valueRequired":true,"valueName":"search_term_string"}}],"inLanguage":"es"},{"@type":"Organization","@id":"https:\/\/inycial.com\/#organization","name":"Inycia Ingenieros y Consultores","url":"https:\/\/inycial.com\/","logo":{"@type":"ImageObject","inLanguage":"es","@id":"https:\/\/inycial.com\/#\/schema\/logo\/image\/","url":"https:\/\/inycial.com\/wp-content\/uploads\/2017\/03\/Logo-e1490218059466.jpg","contentUrl":"https:\/\/inycial.com\/wp-content\/uploads\/2017\/03\/Logo-e1490218059466.jpg","width":165,"height":41,"caption":"Inycia Ingenieros y Consultores"},"image":{"@id":"https:\/\/inycial.com\/#\/schema\/logo\/image\/"},"sameAs":["https:\/\/www.facebook.com\/inycial\/","https:\/\/x.com\/inycial","https:\/\/www.linkedin.com\/company\/ingenieria-y-consultoria-instalaciones-almacenamiento-s-l-","https:\/\/www.pinterest.es\/inycial\/"]}]}},"rttpg_featured_image_url":{"full":["https:\/\/inycial.com\/wp-content\/uploads\/2017\/07\/tuberias.jpg",1920,1280,false],"landscape":["https:\/\/inycial.com\/wp-content\/uploads\/2017\/07\/tuberias.jpg",1920,1280,false],"portraits":["https:\/\/inycial.com\/wp-content\/uploads\/2017\/07\/tuberias.jpg",1920,1280,false],"thumbnail":["https:\/\/inycial.com\/wp-content\/uploads\/2017\/07\/tuberias-150x150.jpg",150,150,true],"medium":["https:\/\/inycial.com\/wp-content\/uploads\/2017\/07\/tuberias-300x200.jpg",300,200,true],"large":["https:\/\/inycial.com\/wp-content\/uploads\/2017\/07\/tuberias-1024x683.jpg",1024,683,true],"1536x1536":["https:\/\/inycial.com\/wp-content\/uploads\/2017\/07\/tuberias.jpg",1536,1024,false],"2048x2048":["https:\/\/inycial.com\/wp-content\/uploads\/2017\/07\/tuberias.jpg",1920,1280,false],"post-thumbnail":["https:\/\/inycial.com\/wp-content\/uploads\/2017\/07\/tuberias-300x250.jpg",300,250,true],"vega-post-thumbnail-recent":["https:\/\/inycial.com\/wp-content\/uploads\/2017\/07\/tuberias-350x220.jpg",350,220,true]},"rttpg_author":{"display_name":"inycial.com","author_link":"https:\/\/inycial.com\/index.php\/author\/inycial-com\/"},"rttpg_comment":0,"rttpg_category":null,"rttpg_excerpt":"El\u00a0equipo de profesionales de Inycia dispone de amplia experiencia en el c\u00e1lculo y el dise\u00f1o de\u00a0tuber\u00edas y soportes de tuber\u00edas: Especificaciones de tuber\u00edas (materiales, traceado, pintura, aislamiento, etc.). Dise\u00f1o Hidr\u00e1ulico de tuber\u00edas (flujo, velocidades, ca\u00edda de presi\u00f3n, NPSH disponible). Dise\u00f1o mec\u00e1nico de tuber\u00edas (c\u00e1lculo de espesores de acuerdo a ASME B31.1 \/ B31.3 \/ EN13480,&hellip;","_links":{"self":[{"href":"https:\/\/inycial.com\/index.php\/wp-json\/wp\/v2\/pages\/388","targetHints":{"allow":["GET"]}}],"collection":[{"href":"https:\/\/inycial.com\/index.php\/wp-json\/wp\/v2\/pages"}],"about":[{"href":"https:\/\/inycial.com\/index.php\/wp-json\/wp\/v2\/types\/page"}],"author":[{"embeddable":true,"href":"https:\/\/inycial.com\/index.php\/wp-json\/wp\/v2\/users\/1"}],"replies":[{"embeddable":true,"href":"https:\/\/inycial.com\/index.php\/wp-json\/wp\/v2\/comments?post=388"}],"version-history":[{"count":12,"href":"https:\/\/inycial.com\/index.php\/wp-json\/wp\/v2\/pages\/388\/revisions"}],"predecessor-version":[{"id":1718,"href":"https:\/\/inycial.com\/index.php\/wp-json\/wp\/v2\/pages\/388\/revisions\/1718"}],"up":[{"embeddable":true,"href":"https:\/\/inycial.com\/index.php\/wp-json\/wp\/v2\/pages\/569"}],"wp:featuredmedia":[{"embeddable":true,"href":"https:\/\/inycial.com\/index.php\/wp-json\/wp\/v2\/media\/791"}],"wp:attachment":[{"href":"https:\/\/inycial.com\/index.php\/wp-json\/wp\/v2\/media?parent=388"}],"curies":[{"name":"wp","href":"https:\/\/api.w.org\/{rel}","templated":true}]}}