{"id":352,"date":"2017-04-18T13:26:19","date_gmt":"2017-04-18T11:26:19","guid":{"rendered":"http:\/\/inycial.com\/?page_id=352"},"modified":"2023-03-15T17:49:49","modified_gmt":"2023-03-15T15:49:49","slug":"cumplimiento-y-mantenimiento-de-requisitos-legales-de-prevencion-de-riesgos-laborales","status":"publish","type":"page","link":"https:\/\/inycial.com\/index.php\/inycia-ingenieros-y-consultores\/servicios\/consultoria-industrial\/seguridad-industrial\/cumplimiento-y-mantenimiento-de-requisitos-legales-de-prevencion-de-riesgos-laborales\/","title":{"rendered":"Cumplimiento y mantenimiento de requisitos legales de Prevenci\u00f3n de Riesgos Laborales"},"content":{"rendered":"<p><img loading=\"lazy\" decoding=\"async\" class=\"alignnone wp-image-348\" src=\"http:\/\/inycial.com\/wp-content\/uploads\/2017\/04\/seguridad-industrial-2-300x220.jpg\" alt=\"\" width=\"513\" height=\"376\" srcset=\"https:\/\/inycial.com\/wp-content\/uploads\/2017\/04\/seguridad-industrial-2-300x220.jpg 300w, https:\/\/inycial.com\/wp-content\/uploads\/2017\/04\/seguridad-industrial-2.jpg 615w\" sizes=\"auto, (max-width: 513px) 100vw, 513px\" \/><\/p>\n<p>La constante actualizaci\u00f3n y adaptaci\u00f3n de la legislaci\u00f3n en materia de prevenci\u00f3n de riesgos laborales obliga a las empresas a estar&nbsp;&nbsp; &nbsp;constantemente informadas de los requisitos legales que le son de aplicaci\u00f3n al objeto de poder velar por su cumplimiento con el objetivo de proteger la seguridad y salud de los trabajadores frente a los riesgos derivados de su trabajo.<\/p>\n<p>Para ello, es fundamental poder identificar la legislaci\u00f3n que afecta a las empresas, y acotar los requisitos legales que le son de aplicaci\u00f3n.<\/p>\n<p><span style=\"color: #0000ff;\"><em>Inycia<\/em><\/span> elaborar\u00e1 la documentaci\u00f3n necesaria para permitir el cumplimiento de los apartados \u201c<em>4.3.2. Requisitos legales y otros requisitos\u201d<\/em> y <em>\u201c4.5.2 Evaluaci\u00f3n del cumplimiento legal\u201d<\/em> a aquellas empresas que tengan intenci\u00f3n de implantar un Sistema de Gesti\u00f3n de Seguridad y Salud Laboral seg\u00fan el est\u00e1ndar <strong>OHSAS 18001:2007<\/strong><\/p>\n<ul>\n<li>LUGARES DE TRABAJO (RD 486\/97)<\/li>\n<li>EQUIPOS DE TRABAJO (RD 1215\/97)<\/li>\n<li>RIESGO EL\u00c9CTRICO (RD 614\/01)<\/li>\n<li>ATM\u00d3SFERAS EXPLOSIVAS (RD 681\/03)<\/li>\n<li>OBRAS DE CONSTRUCCI\u00d3N (RD 1627\/97)<\/li>\n<li>COORDINACI\u00d3N DE ACTIVIDADES EMPRESARIALES (RD 171\/04)<\/li>\n<li>EXPOSICI\u00d3N A AGENTES QU\u00cdMICOS (RD 374\/01)<\/li>\n<li>EXPOSICI\u00d3N A AGENTES BIOL\u00d3GICOS (RD 664\/97)<\/li>\n<li>EXPOSICI\u00d3N AL RUIDO (RD 286\/06)<\/li>\n<li>EXPOSICI\u00d3N A VIBRACIONES MEC\u00c1NICAS (RD 1311\/05)<\/li>\n<li>RIESGO ACCIDENTES GRAVES (RD 1254\/99)<\/li>\n<li>INCENDIOS (RD 2267\/04 RSCEI y RD 1942\/93)<\/li>\n<li>CARGA, DESCARGA Y TRANSPORTE DE MERCANC\u00cdAS PELIGROSAS POR CARRETERA (ADR).<\/li>\n<\/ul>\n","protected":false},"excerpt":{"rendered":"<p>La constante actualizaci\u00f3n y adaptaci\u00f3n de la legislaci\u00f3n en materia de prevenci\u00f3n de riesgos laborales obliga a las empresas a estar&nbsp;&nbsp; &nbsp;constantemente informadas de los requisitos legales que le son de aplicaci\u00f3n al objeto de poder velar por su cumplimiento con el objetivo de proteger la seguridad y salud de los trabajadores frente a los riesgos derivados de su trabajo. Para ello, es fundamental poder [&hellip;]<\/p>\n","protected":false},"author":1,"featured_media":1642,"parent":565,"menu_order":22,"comment_status":"closed","ping_status":"closed","template":"template-full-width.php","meta":{"footnotes":""},"class_list":["post-352","page","type-page","status-publish","has-post-thumbnail","hentry"],"yoast_head":"<!-- This site is optimized with the Yoast SEO plugin v27.4 - https:\/\/yoast.com\/product\/yoast-seo-wordpress\/ -->\n<title>Cumplimiento y mantenimiento de requisitos legales de Prevenci\u00f3n de Riesgos Laborales - Inycia Ingenieros y Consultores<\/title>\n<meta name=\"robots\" content=\"index, follow, max-snippet:-1, max-image-preview:large, max-video-preview:-1\" \/>\n<link rel=\"canonical\" href=\"https:\/\/inycial.com\/index.php\/inycia-ingenieros-y-consultores\/servicios\/consultoria-industrial\/seguridad-industrial\/cumplimiento-y-mantenimiento-de-requisitos-legales-de-prevencion-de-riesgos-laborales\/\" \/>\n<meta property=\"og:locale\" content=\"es_ES\" \/>\n<meta property=\"og:type\" content=\"article\" \/>\n<meta property=\"og:title\" content=\"Cumplimiento y mantenimiento de requisitos legales de Prevenci\u00f3n de Riesgos Laborales - Inycia Ingenieros y Consultores\" \/>\n<meta property=\"og:description\" content=\"La constante actualizaci\u00f3n y adaptaci\u00f3n de la legislaci\u00f3n en materia de prevenci\u00f3n de riesgos laborales obliga a las empresas a estar&nbsp;&nbsp; &nbsp;constantemente informadas de los requisitos legales que le son de aplicaci\u00f3n al objeto de poder velar por su cumplimiento con el objetivo de proteger la seguridad y salud de los trabajadores frente a los riesgos derivados de su trabajo. Para ello, es fundamental poder [&hellip;]\" \/>\n<meta property=\"og:url\" content=\"https:\/\/inycial.com\/index.php\/inycia-ingenieros-y-consultores\/servicios\/consultoria-industrial\/seguridad-industrial\/cumplimiento-y-mantenimiento-de-requisitos-legales-de-prevencion-de-riesgos-laborales\/\" \/>\n<meta property=\"og:site_name\" content=\"Inycia Ingenieros y Consultores\" \/>\n<meta property=\"article:publisher\" content=\"https:\/\/www.facebook.com\/inycial\/\" \/>\n<meta property=\"article:modified_time\" content=\"2023-03-15T15:49:49+00:00\" \/>\n<meta property=\"og:image\" content=\"https:\/\/inycial.com\/wp-content\/uploads\/2023\/03\/Banner-post_Auditoria.png\" \/>\n\t<meta property=\"og:image:width\" content=\"4000\" \/>\n\t<meta property=\"og:image:height\" content=\"2250\" \/>\n\t<meta property=\"og:image:type\" content=\"image\/png\" \/>\n<meta name=\"twitter:card\" content=\"summary_large_image\" \/>\n<meta name=\"twitter:site\" content=\"@inycial\" \/>\n<meta name=\"twitter:label1\" content=\"Tiempo de lectura\" \/>\n\t<meta name=\"twitter:data1\" content=\"2 minutos\" \/>\n<script type=\"application\/ld+json\" class=\"yoast-schema-graph\">{\"@context\":\"https:\\\/\\\/schema.org\",\"@graph\":[{\"@type\":\"WebPage\",\"@id\":\"https:\\\/\\\/inycial.com\\\/index.php\\\/inycia-ingenieros-y-consultores\\\/servicios\\\/consultoria-industrial\\\/seguridad-industrial\\\/cumplimiento-y-mantenimiento-de-requisitos-legales-de-prevencion-de-riesgos-laborales\\\/\",\"url\":\"https:\\\/\\\/inycial.com\\\/index.php\\\/inycia-ingenieros-y-consultores\\\/servicios\\\/consultoria-industrial\\\/seguridad-industrial\\\/cumplimiento-y-mantenimiento-de-requisitos-legales-de-prevencion-de-riesgos-laborales\\\/\",\"name\":\"Cumplimiento y mantenimiento de requisitos legales de Prevenci\u00f3n de Riesgos Laborales - Inycia Ingenieros y Consultores\",\"isPartOf\":{\"@id\":\"https:\\\/\\\/inycial.com\\\/#website\"},\"primaryImageOfPage\":{\"@id\":\"https:\\\/\\\/inycial.com\\\/index.php\\\/inycia-ingenieros-y-consultores\\\/servicios\\\/consultoria-industrial\\\/seguridad-industrial\\\/cumplimiento-y-mantenimiento-de-requisitos-legales-de-prevencion-de-riesgos-laborales\\\/#primaryimage\"},\"image\":{\"@id\":\"https:\\\/\\\/inycial.com\\\/index.php\\\/inycia-ingenieros-y-consultores\\\/servicios\\\/consultoria-industrial\\\/seguridad-industrial\\\/cumplimiento-y-mantenimiento-de-requisitos-legales-de-prevencion-de-riesgos-laborales\\\/#primaryimage\"},\"thumbnailUrl\":\"https:\\\/\\\/inycial.com\\\/wp-content\\\/uploads\\\/2023\\\/03\\\/Banner-post_Auditoria.png\",\"datePublished\":\"2017-04-18T11:26:19+00:00\",\"dateModified\":\"2023-03-15T15:49:49+00:00\",\"breadcrumb\":{\"@id\":\"https:\\\/\\\/inycial.com\\\/index.php\\\/inycia-ingenieros-y-consultores\\\/servicios\\\/consultoria-industrial\\\/seguridad-industrial\\\/cumplimiento-y-mantenimiento-de-requisitos-legales-de-prevencion-de-riesgos-laborales\\\/#breadcrumb\"},\"inLanguage\":\"es\",\"potentialAction\":[{\"@type\":\"ReadAction\",\"target\":[\"https:\\\/\\\/inycial.com\\\/index.php\\\/inycia-ingenieros-y-consultores\\\/servicios\\\/consultoria-industrial\\\/seguridad-industrial\\\/cumplimiento-y-mantenimiento-de-requisitos-legales-de-prevencion-de-riesgos-laborales\\\/\"]}]},{\"@type\":\"ImageObject\",\"inLanguage\":\"es\",\"@id\":\"https:\\\/\\\/inycial.com\\\/index.php\\\/inycia-ingenieros-y-consultores\\\/servicios\\\/consultoria-industrial\\\/seguridad-industrial\\\/cumplimiento-y-mantenimiento-de-requisitos-legales-de-prevencion-de-riesgos-laborales\\\/#primaryimage\",\"url\":\"https:\\\/\\\/inycial.com\\\/wp-content\\\/uploads\\\/2023\\\/03\\\/Banner-post_Auditoria.png\",\"contentUrl\":\"https:\\\/\\\/inycial.com\\\/wp-content\\\/uploads\\\/2023\\\/03\\\/Banner-post_Auditoria.png\",\"width\":4000,\"height\":2250},{\"@type\":\"BreadcrumbList\",\"@id\":\"https:\\\/\\\/inycial.com\\\/index.php\\\/inycia-ingenieros-y-consultores\\\/servicios\\\/consultoria-industrial\\\/seguridad-industrial\\\/cumplimiento-y-mantenimiento-de-requisitos-legales-de-prevencion-de-riesgos-laborales\\\/#breadcrumb\",\"itemListElement\":[{\"@type\":\"ListItem\",\"position\":1,\"name\":\"Portada\",\"item\":\"https:\\\/\\\/inycial.com\\\/\"},{\"@type\":\"ListItem\",\"position\":2,\"name\":\"Inycia Ingenieros y Consultores\",\"item\":\"https:\\\/\\\/inycial.com\\\/\"},{\"@type\":\"ListItem\",\"position\":3,\"name\":\"SERVICIOS\",\"item\":\"https:\\\/\\\/inycial.com\\\/index.php\\\/inycia-ingenieros-y-consultores\\\/servicios\\\/\"},{\"@type\":\"ListItem\",\"position\":4,\"name\":\"CONSULTORIA INDUSTRIAL\",\"item\":\"https:\\\/\\\/inycial.com\\\/index.php\\\/inycia-ingenieros-y-consultores\\\/servicios\\\/consultoria-industrial\\\/\"},{\"@type\":\"ListItem\",\"position\":5,\"name\":\"CONSULTORIA EN SEGURIDAD INDUSTRIAL\",\"item\":\"https:\\\/\\\/inycial.com\\\/index.php\\\/inycia-ingenieros-y-consultores\\\/servicios\\\/consultoria-industrial\\\/seguridad-industrial\\\/\"},{\"@type\":\"ListItem\",\"position\":6,\"name\":\"Cumplimiento y mantenimiento de requisitos legales de Prevenci\u00f3n de Riesgos Laborales\"}]},{\"@type\":\"WebSite\",\"@id\":\"https:\\\/\\\/inycial.com\\\/#website\",\"url\":\"https:\\\/\\\/inycial.com\\\/\",\"name\":\"Inycia Ingenieros y Consultores\",\"description\":\"Ingenier\u00eda y Consultor\u00eda instalaciones industriales y seguridad industrial\",\"publisher\":{\"@id\":\"https:\\\/\\\/inycial.com\\\/#organization\"},\"potentialAction\":[{\"@type\":\"SearchAction\",\"target\":{\"@type\":\"EntryPoint\",\"urlTemplate\":\"https:\\\/\\\/inycial.com\\\/?s={search_term_string}\"},\"query-input\":{\"@type\":\"PropertyValueSpecification\",\"valueRequired\":true,\"valueName\":\"search_term_string\"}}],\"inLanguage\":\"es\"},{\"@type\":\"Organization\",\"@id\":\"https:\\\/\\\/inycial.com\\\/#organization\",\"name\":\"Inycia Ingenieros y Consultores\",\"url\":\"https:\\\/\\\/inycial.com\\\/\",\"logo\":{\"@type\":\"ImageObject\",\"inLanguage\":\"es\",\"@id\":\"https:\\\/\\\/inycial.com\\\/#\\\/schema\\\/logo\\\/image\\\/\",\"url\":\"https:\\\/\\\/inycial.com\\\/wp-content\\\/uploads\\\/2017\\\/03\\\/Logo-e1490218059466.jpg\",\"contentUrl\":\"https:\\\/\\\/inycial.com\\\/wp-content\\\/uploads\\\/2017\\\/03\\\/Logo-e1490218059466.jpg\",\"width\":165,\"height\":41,\"caption\":\"Inycia Ingenieros y Consultores\"},\"image\":{\"@id\":\"https:\\\/\\\/inycial.com\\\/#\\\/schema\\\/logo\\\/image\\\/\"},\"sameAs\":[\"https:\\\/\\\/www.facebook.com\\\/inycial\\\/\",\"https:\\\/\\\/x.com\\\/inycial\",\"https:\\\/\\\/www.linkedin.com\\\/company\\\/ingenieria-y-consultoria-instalaciones-almacenamiento-s-l-\",\"https:\\\/\\\/www.pinterest.es\\\/inycial\\\/\"]}]}<\/script>\n<!-- \/ Yoast SEO plugin. -->","yoast_head_json":{"title":"Cumplimiento y mantenimiento de requisitos legales de Prevenci\u00f3n de Riesgos Laborales - Inycia Ingenieros y Consultores","robots":{"index":"index","follow":"follow","max-snippet":"max-snippet:-1","max-image-preview":"max-image-preview:large","max-video-preview":"max-video-preview:-1"},"canonical":"https:\/\/inycial.com\/index.php\/inycia-ingenieros-y-consultores\/servicios\/consultoria-industrial\/seguridad-industrial\/cumplimiento-y-mantenimiento-de-requisitos-legales-de-prevencion-de-riesgos-laborales\/","og_locale":"es_ES","og_type":"article","og_title":"Cumplimiento y mantenimiento de requisitos legales de Prevenci\u00f3n de Riesgos Laborales - Inycia Ingenieros y Consultores","og_description":"La constante actualizaci\u00f3n y adaptaci\u00f3n de la legislaci\u00f3n en materia de prevenci\u00f3n de riesgos laborales obliga a las empresas a estar&nbsp;&nbsp; &nbsp;constantemente informadas de los requisitos legales que le son de aplicaci\u00f3n al objeto de poder velar por su cumplimiento con el objetivo de proteger la seguridad y salud de los trabajadores frente a los riesgos derivados de su trabajo. Para ello, es fundamental poder [&hellip;]","og_url":"https:\/\/inycial.com\/index.php\/inycia-ingenieros-y-consultores\/servicios\/consultoria-industrial\/seguridad-industrial\/cumplimiento-y-mantenimiento-de-requisitos-legales-de-prevencion-de-riesgos-laborales\/","og_site_name":"Inycia Ingenieros y Consultores","article_publisher":"https:\/\/www.facebook.com\/inycial\/","article_modified_time":"2023-03-15T15:49:49+00:00","og_image":[{"width":4000,"height":2250,"url":"https:\/\/inycial.com\/wp-content\/uploads\/2023\/03\/Banner-post_Auditoria.png","type":"image\/png"}],"twitter_card":"summary_large_image","twitter_site":"@inycial","twitter_misc":{"Tiempo de lectura":"2 minutos"},"schema":{"@context":"https:\/\/schema.org","@graph":[{"@type":"WebPage","@id":"https:\/\/inycial.com\/index.php\/inycia-ingenieros-y-consultores\/servicios\/consultoria-industrial\/seguridad-industrial\/cumplimiento-y-mantenimiento-de-requisitos-legales-de-prevencion-de-riesgos-laborales\/","url":"https:\/\/inycial.com\/index.php\/inycia-ingenieros-y-consultores\/servicios\/consultoria-industrial\/seguridad-industrial\/cumplimiento-y-mantenimiento-de-requisitos-legales-de-prevencion-de-riesgos-laborales\/","name":"Cumplimiento y mantenimiento de requisitos legales de Prevenci\u00f3n de Riesgos Laborales - Inycia Ingenieros y Consultores","isPartOf":{"@id":"https:\/\/inycial.com\/#website"},"primaryImageOfPage":{"@id":"https:\/\/inycial.com\/index.php\/inycia-ingenieros-y-consultores\/servicios\/consultoria-industrial\/seguridad-industrial\/cumplimiento-y-mantenimiento-de-requisitos-legales-de-prevencion-de-riesgos-laborales\/#primaryimage"},"image":{"@id":"https:\/\/inycial.com\/index.php\/inycia-ingenieros-y-consultores\/servicios\/consultoria-industrial\/seguridad-industrial\/cumplimiento-y-mantenimiento-de-requisitos-legales-de-prevencion-de-riesgos-laborales\/#primaryimage"},"thumbnailUrl":"https:\/\/inycial.com\/wp-content\/uploads\/2023\/03\/Banner-post_Auditoria.png","datePublished":"2017-04-18T11:26:19+00:00","dateModified":"2023-03-15T15:49:49+00:00","breadcrumb":{"@id":"https:\/\/inycial.com\/index.php\/inycia-ingenieros-y-consultores\/servicios\/consultoria-industrial\/seguridad-industrial\/cumplimiento-y-mantenimiento-de-requisitos-legales-de-prevencion-de-riesgos-laborales\/#breadcrumb"},"inLanguage":"es","potentialAction":[{"@type":"ReadAction","target":["https:\/\/inycial.com\/index.php\/inycia-ingenieros-y-consultores\/servicios\/consultoria-industrial\/seguridad-industrial\/cumplimiento-y-mantenimiento-de-requisitos-legales-de-prevencion-de-riesgos-laborales\/"]}]},{"@type":"ImageObject","inLanguage":"es","@id":"https:\/\/inycial.com\/index.php\/inycia-ingenieros-y-consultores\/servicios\/consultoria-industrial\/seguridad-industrial\/cumplimiento-y-mantenimiento-de-requisitos-legales-de-prevencion-de-riesgos-laborales\/#primaryimage","url":"https:\/\/inycial.com\/wp-content\/uploads\/2023\/03\/Banner-post_Auditoria.png","contentUrl":"https:\/\/inycial.com\/wp-content\/uploads\/2023\/03\/Banner-post_Auditoria.png","width":4000,"height":2250},{"@type":"BreadcrumbList","@id":"https:\/\/inycial.com\/index.php\/inycia-ingenieros-y-consultores\/servicios\/consultoria-industrial\/seguridad-industrial\/cumplimiento-y-mantenimiento-de-requisitos-legales-de-prevencion-de-riesgos-laborales\/#breadcrumb","itemListElement":[{"@type":"ListItem","position":1,"name":"Portada","item":"https:\/\/inycial.com\/"},{"@type":"ListItem","position":2,"name":"Inycia Ingenieros y Consultores","item":"https:\/\/inycial.com\/"},{"@type":"ListItem","position":3,"name":"SERVICIOS","item":"https:\/\/inycial.com\/index.php\/inycia-ingenieros-y-consultores\/servicios\/"},{"@type":"ListItem","position":4,"name":"CONSULTORIA INDUSTRIAL","item":"https:\/\/inycial.com\/index.php\/inycia-ingenieros-y-consultores\/servicios\/consultoria-industrial\/"},{"@type":"ListItem","position":5,"name":"CONSULTORIA EN SEGURIDAD INDUSTRIAL","item":"https:\/\/inycial.com\/index.php\/inycia-ingenieros-y-consultores\/servicios\/consultoria-industrial\/seguridad-industrial\/"},{"@type":"ListItem","position":6,"name":"Cumplimiento y mantenimiento de requisitos legales de Prevenci\u00f3n de Riesgos Laborales"}]},{"@type":"WebSite","@id":"https:\/\/inycial.com\/#website","url":"https:\/\/inycial.com\/","name":"Inycia Ingenieros y Consultores","description":"Ingenier\u00eda y Consultor\u00eda instalaciones industriales y seguridad industrial","publisher":{"@id":"https:\/\/inycial.com\/#organization"},"potentialAction":[{"@type":"SearchAction","target":{"@type":"EntryPoint","urlTemplate":"https:\/\/inycial.com\/?s={search_term_string}"},"query-input":{"@type":"PropertyValueSpecification","valueRequired":true,"valueName":"search_term_string"}}],"inLanguage":"es"},{"@type":"Organization","@id":"https:\/\/inycial.com\/#organization","name":"Inycia Ingenieros y Consultores","url":"https:\/\/inycial.com\/","logo":{"@type":"ImageObject","inLanguage":"es","@id":"https:\/\/inycial.com\/#\/schema\/logo\/image\/","url":"https:\/\/inycial.com\/wp-content\/uploads\/2017\/03\/Logo-e1490218059466.jpg","contentUrl":"https:\/\/inycial.com\/wp-content\/uploads\/2017\/03\/Logo-e1490218059466.jpg","width":165,"height":41,"caption":"Inycia Ingenieros y Consultores"},"image":{"@id":"https:\/\/inycial.com\/#\/schema\/logo\/image\/"},"sameAs":["https:\/\/www.facebook.com\/inycial\/","https:\/\/x.com\/inycial","https:\/\/www.linkedin.com\/company\/ingenieria-y-consultoria-instalaciones-almacenamiento-s-l-","https:\/\/www.pinterest.es\/inycial\/"]}]}},"rttpg_featured_image_url":{"full":["https:\/\/inycial.com\/wp-content\/uploads\/2023\/03\/Banner-post_Auditoria.png",4000,2250,false],"landscape":["https:\/\/inycial.com\/wp-content\/uploads\/2023\/03\/Banner-post_Auditoria.png",4000,2250,false],"portraits":["https:\/\/inycial.com\/wp-content\/uploads\/2023\/03\/Banner-post_Auditoria.png",4000,2250,false],"thumbnail":["https:\/\/inycial.com\/wp-content\/uploads\/2023\/03\/Banner-post_Auditoria-150x150.png",150,150,true],"medium":["https:\/\/inycial.com\/wp-content\/uploads\/2023\/03\/Banner-post_Auditoria-300x169.png",300,169,true],"large":["https:\/\/inycial.com\/wp-content\/uploads\/2023\/03\/Banner-post_Auditoria-1024x576.png",1024,576,true],"1536x1536":["https:\/\/inycial.com\/wp-content\/uploads\/2023\/03\/Banner-post_Auditoria-1536x864.png",1536,864,true],"2048x2048":["https:\/\/inycial.com\/wp-content\/uploads\/2023\/03\/Banner-post_Auditoria-2048x1152.png",2048,1152,true],"post-thumbnail":["https:\/\/inycial.com\/wp-content\/uploads\/2023\/03\/Banner-post_Auditoria-300x250.png",300,250,true],"vega-post-thumbnail-recent":["https:\/\/inycial.com\/wp-content\/uploads\/2023\/03\/Banner-post_Auditoria-350x220.png",350,220,true]},"rttpg_author":{"display_name":"inycial.com","author_link":"https:\/\/inycial.com\/index.php\/author\/inycial-com\/"},"rttpg_comment":0,"rttpg_category":null,"rttpg_excerpt":"La constante actualizaci\u00f3n y adaptaci\u00f3n de la legislaci\u00f3n en materia de prevenci\u00f3n de riesgos laborales obliga a las empresas a estar&nbsp;&nbsp; &nbsp;constantemente informadas de los requisitos legales que le son de aplicaci\u00f3n al objeto de poder velar por su cumplimiento con el objetivo de proteger la seguridad y salud de los trabajadores frente a los&hellip;","_links":{"self":[{"href":"https:\/\/inycial.com\/index.php\/wp-json\/wp\/v2\/pages\/352","targetHints":{"allow":["GET"]}}],"collection":[{"href":"https:\/\/inycial.com\/index.php\/wp-json\/wp\/v2\/pages"}],"about":[{"href":"https:\/\/inycial.com\/index.php\/wp-json\/wp\/v2\/types\/page"}],"author":[{"embeddable":true,"href":"https:\/\/inycial.com\/index.php\/wp-json\/wp\/v2\/users\/1"}],"replies":[{"embeddable":true,"href":"https:\/\/inycial.com\/index.php\/wp-json\/wp\/v2\/comments?post=352"}],"version-history":[{"count":4,"href":"https:\/\/inycial.com\/index.php\/wp-json\/wp\/v2\/pages\/352\/revisions"}],"predecessor-version":[{"id":1201,"href":"https:\/\/inycial.com\/index.php\/wp-json\/wp\/v2\/pages\/352\/revisions\/1201"}],"up":[{"embeddable":true,"href":"https:\/\/inycial.com\/index.php\/wp-json\/wp\/v2\/pages\/565"}],"wp:featuredmedia":[{"embeddable":true,"href":"https:\/\/inycial.com\/index.php\/wp-json\/wp\/v2\/media\/1642"}],"wp:attachment":[{"href":"https:\/\/inycial.com\/index.php\/wp-json\/wp\/v2\/media?parent=352"}],"curies":[{"name":"wp","href":"https:\/\/api.w.org\/{rel}","templated":true}]}}