{"id":179,"date":"2017-04-07T13:30:38","date_gmt":"2017-04-07T11:30:38","guid":{"rendered":"http:\/\/inycial.com\/?page_id=179"},"modified":"2022-10-21T21:01:27","modified_gmt":"2022-10-21T19:01:27","slug":"servicios","status":"publish","type":"page","link":"https:\/\/inycial.com\/index.php\/inycia-ingenieros-y-consultores\/servicios\/","title":{"rendered":"SERVICIOS"},"content":{"rendered":"\n<div class=\"wp-block-media-text alignwide is-stacked-on-mobile has-white-color has-vivid-cyan-blue-background-color has-text-color has-background\" style=\"grid-template-columns:29% auto\"><figure class=\"wp-block-media-text__media\"><img loading=\"lazy\" decoding=\"async\" width=\"278\" height=\"179\" src=\"https:\/\/inycial.com\/wp-content\/uploads\/2017\/04\/Solutions.jpg\" alt=\"\" class=\"wp-image-242 size-full\"\/><\/figure><div class=\"wp-block-media-text__content\">\n<p style=\"font-size:25px\"><em>Inycia<\/em> desarrolla Proyectos Industriales de Ingenier\u00eda participando en todas las Fases del Proyecto: Concepci\u00f3n, Ingenier\u00eda B\u00e1sica, Ingenier\u00eda de Detalle y Construcci\u00f3n. <\/p>\n<\/div><\/div>\n\n\n\n<p><span style=\"font-size: revert; color: initial;\">Definimos, dise\u00f1amos y calculamos todos los elementos que componen el proceso, analiz\u00e1ndolos y optimiz\u00e1ndolos, realizando la definici\u00f3n completa de todos ellos, obra civil, estructuras, instalaciones, maquinaria y equipos.<\/span> <\/p>\n\n\n\n<p><strong><em>Inycia<\/em><\/strong> desarrolla proyectos en diferentes tipos de Industrias, desde el desarrollo conceptual hasta la ingenier\u00eda de detalle para construcci\u00f3n.<\/p>\n\n\n\n<h2 class=\"has-white-color has-vivid-cyan-blue-background-color has-text-color has-background wp-block-heading\" style=\"font-size:25px\"><strong>Con un amplio abanico de servicios, <em>Inycia<\/em>&nbsp;garantiza propuestas adaptadas a las necesidades de cada cliente.<\/strong><\/h2>\n\n\n\n<figure class=\"wp-block-table is-style-stripes\"><table><tbody><tr><td><strong><a href=\"https:\/\/inycial.com\/index.php\/inycia-ingenieros-y-consultores\/servicios\/ingenieria-de-proyectos\/\">INGENIERIA DE PROYECTOS<\/a><\/strong><\/td><td><\/td><td><a href=\"https:\/\/inycial.com\/index.php\/inycia-ingenieros-y-consultores\/servicios\/servicios-de-ingenieria-de-la-propiedad\/\">SERVICIOS DE INGENIER\u00cdA DE LA PROPIEDAD<\/a><br><a href=\"https:\/\/inycial.com\/index.php\/inicio\/servicios\/ingenieria-industrial\/direccion-de-proyectos\/\">DIRECCI\u00d3N DE PROYECTOS<\/a><br>Planificaci\u00f3n, seguimiento y control de proyectos.<br>Estudios de viabilidad t\u00e9cnico-econ\u00f3mica.<br>Mediciones y presupuestos CAPEX.<br>GESTION DE COMPRAS.<br>Especificaciones t\u00e9cnicas y requisiciones de oferta\/compra.<\/td><\/tr><tr><td><a href=\"http:\/\/inycial.com\/index.php\/inicio\/areas-de-negocio\/ingenieria-industrial\/\"><strong>INGENIER\u00cdA &nbsp;INDUSTRIAL<\/strong><\/a><\/td><td><\/td><td><a href=\"https:\/\/inycial.com\/index.php\/inicio\/servicios\/ingenieria-industrial\/instalaciones-industriales\/\">DISE\u00d1O DE INSTALACIONES INDUSTRIALES<\/a><br><a href=\"https:\/\/inycial.com\/index.php\/inycia-ingenieros-y-consultores\/servicios\/ingenieria-industrial\/externalizacion-servicios-de-ingenieria\/\">EXTERNALIZACI\u00d3N DE SERVICIOS DE INGENIER\u00cdA<\/a><\/td><\/tr><tr><td><strong><a href=\"https:\/\/inycial.com\/index.php\/inycia-ingenieros-y-consultores\/servicios\/consultoria-industrial\/\">CONSULTOR\u00cdA INDUSTRIAL<\/a><\/strong><\/td><td><\/td><td><a href=\"https:\/\/inycial.com\/index.php\/inicio\/servicios\/ingenieria-industrial\/seguridad-industrial\/\">SEGURIDAD INDUSTRIAL<\/a><br><a href=\"https:\/\/inycial.com\/index.php\/inycia-ingenieros-y-consultores\/servicios\/estudios-ambientales\/\">MEDIOAMBIENTAL<\/a><br>PREVENCI\u00d3N DE RIESGOS LABORALES<br><a href=\"https:\/\/inycial.com\/index.php\/inicio\/servicios\/peritajes-industriales\/\">PERITAJES&nbsp; JUDICIALES<\/a><\/td><\/tr><tr><td><a href=\"https:\/\/inycial.com\/index.php\/inicio\/servicios\/ingenieria-industrial\/direccion-de-obras\/\"><strong>DIRECCI\u00d3N DE OBRAS<\/strong><\/a><\/td><td><\/td><td>Direcci\u00f3n facultativa.<br>Supervisi\u00f3n de construcci\u00f3n de todas las especialidades.<br>Supervisi\u00f3n y Direcci\u00f3n de comisionado y puesta en marcha de instalaciones.<br>Coordinaci\u00f3n de seguridad y salud de las obras.<br>Estudios de seguridad y salud de las obras.<br>Evaluaci\u00f3n de riesgos laborales. Recurso Preventivo.<\/td><\/tr><tr><td><a href=\"http:\/\/inycial.com\/index.php\/inicio\/areas-de-negocio\/licencias-y-legalizaciones\/\"><strong>LICENCIAS Y LEGALIZACIONES<\/strong><\/a><\/td><td><\/td><td>Proyectos y separatas para solicitud de licencias y autorizaciones.<br>Tramitaci\u00f3n y legalizaci\u00f3n de instalaciones.<\/td><\/tr><\/tbody><\/table><\/figure>\n\n\n\n<p><\/p>\n","protected":false},"excerpt":{"rendered":"<p>Inycia desarrolla Proyectos Industriales de Ingenier\u00eda participando en todas las Fases del Proyecto: Concepci\u00f3n, Ingenier\u00eda B\u00e1sica, Ingenier\u00eda de Detalle y Construcci\u00f3n. Definimos, dise\u00f1amos y calculamos todos los elementos que componen el proceso, analiz\u00e1ndolos y optimiz\u00e1ndolos, realizando la definici\u00f3n completa de todos ellos, obra civil, estructuras, instalaciones, maquinaria y equipos. Inycia desarrolla proyectos en diferentes tipos de Industrias, desde el desarrollo conceptual hasta la ingenier\u00eda de [&hellip;]<\/p>\n","protected":false},"author":1,"featured_media":706,"parent":47,"menu_order":3,"comment_status":"closed","ping_status":"open","template":"template-full-width.php","meta":{"footnotes":""},"class_list":["post-179","page","type-page","status-publish","has-post-thumbnail","hentry"],"yoast_head":"<!-- This site is optimized with the Yoast SEO plugin v27.4 - https:\/\/yoast.com\/product\/yoast-seo-wordpress\/ -->\n<title>SERVICIOS - Inycia Ingenieros y Consultores<\/title>\n<meta name=\"robots\" content=\"index, follow, max-snippet:-1, max-image-preview:large, max-video-preview:-1\" \/>\n<link rel=\"canonical\" href=\"https:\/\/inycial.com\/index.php\/inycia-ingenieros-y-consultores\/servicios\/\" \/>\n<meta property=\"og:locale\" content=\"es_ES\" \/>\n<meta property=\"og:type\" content=\"article\" \/>\n<meta property=\"og:title\" content=\"SERVICIOS - Inycia Ingenieros y Consultores\" \/>\n<meta property=\"og:description\" content=\"Inycia desarrolla Proyectos Industriales de Ingenier\u00eda participando en todas las Fases del Proyecto: Concepci\u00f3n, Ingenier\u00eda B\u00e1sica, Ingenier\u00eda de Detalle y Construcci\u00f3n. Definimos, dise\u00f1amos y calculamos todos los elementos que componen el proceso, analiz\u00e1ndolos y optimiz\u00e1ndolos, realizando la definici\u00f3n completa de todos ellos, obra civil, estructuras, instalaciones, maquinaria y equipos. Inycia desarrolla proyectos en diferentes tipos de Industrias, desde el desarrollo conceptual hasta la ingenier\u00eda de [&hellip;]\" \/>\n<meta property=\"og:url\" content=\"https:\/\/inycial.com\/index.php\/inycia-ingenieros-y-consultores\/servicios\/\" \/>\n<meta property=\"og:site_name\" content=\"Inycia Ingenieros y Consultores\" \/>\n<meta property=\"article:publisher\" content=\"https:\/\/www.facebook.com\/inycial\/\" \/>\n<meta property=\"article:modified_time\" content=\"2022-10-21T19:01:27+00:00\" \/>\n<meta property=\"og:image\" content=\"https:\/\/inycial.com\/wp-content\/uploads\/2017\/07\/cabecera2.jpg\" \/>\n\t<meta property=\"og:image:width\" content=\"1920\" \/>\n\t<meta property=\"og:image:height\" content=\"600\" \/>\n\t<meta property=\"og:image:type\" content=\"image\/jpeg\" \/>\n<meta name=\"twitter:card\" content=\"summary_large_image\" \/>\n<meta name=\"twitter:site\" content=\"@inycial\" \/>\n<meta name=\"twitter:label1\" content=\"Tiempo de lectura\" \/>\n\t<meta name=\"twitter:data1\" content=\"2 minutos\" \/>\n<script type=\"application\/ld+json\" class=\"yoast-schema-graph\">{\"@context\":\"https:\\\/\\\/schema.org\",\"@graph\":[{\"@type\":\"WebPage\",\"@id\":\"https:\\\/\\\/inycial.com\\\/index.php\\\/inycia-ingenieros-y-consultores\\\/servicios\\\/\",\"url\":\"https:\\\/\\\/inycial.com\\\/index.php\\\/inycia-ingenieros-y-consultores\\\/servicios\\\/\",\"name\":\"SERVICIOS - Inycia Ingenieros y Consultores\",\"isPartOf\":{\"@id\":\"https:\\\/\\\/inycial.com\\\/#website\"},\"primaryImageOfPage\":{\"@id\":\"https:\\\/\\\/inycial.com\\\/index.php\\\/inycia-ingenieros-y-consultores\\\/servicios\\\/#primaryimage\"},\"image\":{\"@id\":\"https:\\\/\\\/inycial.com\\\/index.php\\\/inycia-ingenieros-y-consultores\\\/servicios\\\/#primaryimage\"},\"thumbnailUrl\":\"https:\\\/\\\/inycial.com\\\/wp-content\\\/uploads\\\/2017\\\/07\\\/cabecera2.jpg\",\"datePublished\":\"2017-04-07T11:30:38+00:00\",\"dateModified\":\"2022-10-21T19:01:27+00:00\",\"breadcrumb\":{\"@id\":\"https:\\\/\\\/inycial.com\\\/index.php\\\/inycia-ingenieros-y-consultores\\\/servicios\\\/#breadcrumb\"},\"inLanguage\":\"es\",\"potentialAction\":[{\"@type\":\"ReadAction\",\"target\":[\"https:\\\/\\\/inycial.com\\\/index.php\\\/inycia-ingenieros-y-consultores\\\/servicios\\\/\"]}]},{\"@type\":\"ImageObject\",\"inLanguage\":\"es\",\"@id\":\"https:\\\/\\\/inycial.com\\\/index.php\\\/inycia-ingenieros-y-consultores\\\/servicios\\\/#primaryimage\",\"url\":\"https:\\\/\\\/inycial.com\\\/wp-content\\\/uploads\\\/2017\\\/07\\\/cabecera2.jpg\",\"contentUrl\":\"https:\\\/\\\/inycial.com\\\/wp-content\\\/uploads\\\/2017\\\/07\\\/cabecera2.jpg\",\"width\":1920,\"height\":600},{\"@type\":\"BreadcrumbList\",\"@id\":\"https:\\\/\\\/inycial.com\\\/index.php\\\/inycia-ingenieros-y-consultores\\\/servicios\\\/#breadcrumb\",\"itemListElement\":[{\"@type\":\"ListItem\",\"position\":1,\"name\":\"Portada\",\"item\":\"https:\\\/\\\/inycial.com\\\/\"},{\"@type\":\"ListItem\",\"position\":2,\"name\":\"Inycia Ingenieros y Consultores\",\"item\":\"https:\\\/\\\/inycial.com\\\/\"},{\"@type\":\"ListItem\",\"position\":3,\"name\":\"SERVICIOS\"}]},{\"@type\":\"WebSite\",\"@id\":\"https:\\\/\\\/inycial.com\\\/#website\",\"url\":\"https:\\\/\\\/inycial.com\\\/\",\"name\":\"Inycia Ingenieros y Consultores\",\"description\":\"Ingenier\u00eda y Consultor\u00eda instalaciones industriales y seguridad industrial\",\"publisher\":{\"@id\":\"https:\\\/\\\/inycial.com\\\/#organization\"},\"potentialAction\":[{\"@type\":\"SearchAction\",\"target\":{\"@type\":\"EntryPoint\",\"urlTemplate\":\"https:\\\/\\\/inycial.com\\\/?s={search_term_string}\"},\"query-input\":{\"@type\":\"PropertyValueSpecification\",\"valueRequired\":true,\"valueName\":\"search_term_string\"}}],\"inLanguage\":\"es\"},{\"@type\":\"Organization\",\"@id\":\"https:\\\/\\\/inycial.com\\\/#organization\",\"name\":\"Inycia Ingenieros y Consultores\",\"url\":\"https:\\\/\\\/inycial.com\\\/\",\"logo\":{\"@type\":\"ImageObject\",\"inLanguage\":\"es\",\"@id\":\"https:\\\/\\\/inycial.com\\\/#\\\/schema\\\/logo\\\/image\\\/\",\"url\":\"https:\\\/\\\/inycial.com\\\/wp-content\\\/uploads\\\/2017\\\/03\\\/Logo-e1490218059466.jpg\",\"contentUrl\":\"https:\\\/\\\/inycial.com\\\/wp-content\\\/uploads\\\/2017\\\/03\\\/Logo-e1490218059466.jpg\",\"width\":165,\"height\":41,\"caption\":\"Inycia Ingenieros y Consultores\"},\"image\":{\"@id\":\"https:\\\/\\\/inycial.com\\\/#\\\/schema\\\/logo\\\/image\\\/\"},\"sameAs\":[\"https:\\\/\\\/www.facebook.com\\\/inycial\\\/\",\"https:\\\/\\\/x.com\\\/inycial\",\"https:\\\/\\\/www.linkedin.com\\\/company\\\/ingenieria-y-consultoria-instalaciones-almacenamiento-s-l-\",\"https:\\\/\\\/www.pinterest.es\\\/inycial\\\/\"]}]}<\/script>\n<!-- \/ Yoast SEO plugin. -->","yoast_head_json":{"title":"SERVICIOS - Inycia Ingenieros y Consultores","robots":{"index":"index","follow":"follow","max-snippet":"max-snippet:-1","max-image-preview":"max-image-preview:large","max-video-preview":"max-video-preview:-1"},"canonical":"https:\/\/inycial.com\/index.php\/inycia-ingenieros-y-consultores\/servicios\/","og_locale":"es_ES","og_type":"article","og_title":"SERVICIOS - Inycia Ingenieros y Consultores","og_description":"Inycia desarrolla Proyectos Industriales de Ingenier\u00eda participando en todas las Fases del Proyecto: Concepci\u00f3n, Ingenier\u00eda B\u00e1sica, Ingenier\u00eda de Detalle y Construcci\u00f3n. Definimos, dise\u00f1amos y calculamos todos los elementos que componen el proceso, analiz\u00e1ndolos y optimiz\u00e1ndolos, realizando la definici\u00f3n completa de todos ellos, obra civil, estructuras, instalaciones, maquinaria y equipos. Inycia desarrolla proyectos en diferentes tipos de Industrias, desde el desarrollo conceptual hasta la ingenier\u00eda de [&hellip;]","og_url":"https:\/\/inycial.com\/index.php\/inycia-ingenieros-y-consultores\/servicios\/","og_site_name":"Inycia Ingenieros y Consultores","article_publisher":"https:\/\/www.facebook.com\/inycial\/","article_modified_time":"2022-10-21T19:01:27+00:00","og_image":[{"width":1920,"height":600,"url":"https:\/\/inycial.com\/wp-content\/uploads\/2017\/07\/cabecera2.jpg","type":"image\/jpeg"}],"twitter_card":"summary_large_image","twitter_site":"@inycial","twitter_misc":{"Tiempo de lectura":"2 minutos"},"schema":{"@context":"https:\/\/schema.org","@graph":[{"@type":"WebPage","@id":"https:\/\/inycial.com\/index.php\/inycia-ingenieros-y-consultores\/servicios\/","url":"https:\/\/inycial.com\/index.php\/inycia-ingenieros-y-consultores\/servicios\/","name":"SERVICIOS - Inycia Ingenieros y Consultores","isPartOf":{"@id":"https:\/\/inycial.com\/#website"},"primaryImageOfPage":{"@id":"https:\/\/inycial.com\/index.php\/inycia-ingenieros-y-consultores\/servicios\/#primaryimage"},"image":{"@id":"https:\/\/inycial.com\/index.php\/inycia-ingenieros-y-consultores\/servicios\/#primaryimage"},"thumbnailUrl":"https:\/\/inycial.com\/wp-content\/uploads\/2017\/07\/cabecera2.jpg","datePublished":"2017-04-07T11:30:38+00:00","dateModified":"2022-10-21T19:01:27+00:00","breadcrumb":{"@id":"https:\/\/inycial.com\/index.php\/inycia-ingenieros-y-consultores\/servicios\/#breadcrumb"},"inLanguage":"es","potentialAction":[{"@type":"ReadAction","target":["https:\/\/inycial.com\/index.php\/inycia-ingenieros-y-consultores\/servicios\/"]}]},{"@type":"ImageObject","inLanguage":"es","@id":"https:\/\/inycial.com\/index.php\/inycia-ingenieros-y-consultores\/servicios\/#primaryimage","url":"https:\/\/inycial.com\/wp-content\/uploads\/2017\/07\/cabecera2.jpg","contentUrl":"https:\/\/inycial.com\/wp-content\/uploads\/2017\/07\/cabecera2.jpg","width":1920,"height":600},{"@type":"BreadcrumbList","@id":"https:\/\/inycial.com\/index.php\/inycia-ingenieros-y-consultores\/servicios\/#breadcrumb","itemListElement":[{"@type":"ListItem","position":1,"name":"Portada","item":"https:\/\/inycial.com\/"},{"@type":"ListItem","position":2,"name":"Inycia Ingenieros y Consultores","item":"https:\/\/inycial.com\/"},{"@type":"ListItem","position":3,"name":"SERVICIOS"}]},{"@type":"WebSite","@id":"https:\/\/inycial.com\/#website","url":"https:\/\/inycial.com\/","name":"Inycia Ingenieros y Consultores","description":"Ingenier\u00eda y Consultor\u00eda instalaciones industriales y seguridad industrial","publisher":{"@id":"https:\/\/inycial.com\/#organization"},"potentialAction":[{"@type":"SearchAction","target":{"@type":"EntryPoint","urlTemplate":"https:\/\/inycial.com\/?s={search_term_string}"},"query-input":{"@type":"PropertyValueSpecification","valueRequired":true,"valueName":"search_term_string"}}],"inLanguage":"es"},{"@type":"Organization","@id":"https:\/\/inycial.com\/#organization","name":"Inycia Ingenieros y Consultores","url":"https:\/\/inycial.com\/","logo":{"@type":"ImageObject","inLanguage":"es","@id":"https:\/\/inycial.com\/#\/schema\/logo\/image\/","url":"https:\/\/inycial.com\/wp-content\/uploads\/2017\/03\/Logo-e1490218059466.jpg","contentUrl":"https:\/\/inycial.com\/wp-content\/uploads\/2017\/03\/Logo-e1490218059466.jpg","width":165,"height":41,"caption":"Inycia Ingenieros y Consultores"},"image":{"@id":"https:\/\/inycial.com\/#\/schema\/logo\/image\/"},"sameAs":["https:\/\/www.facebook.com\/inycial\/","https:\/\/x.com\/inycial","https:\/\/www.linkedin.com\/company\/ingenieria-y-consultoria-instalaciones-almacenamiento-s-l-","https:\/\/www.pinterest.es\/inycial\/"]}]}},"rttpg_featured_image_url":{"full":["https:\/\/inycial.com\/wp-content\/uploads\/2017\/07\/cabecera2.jpg",1920,600,false],"landscape":["https:\/\/inycial.com\/wp-content\/uploads\/2017\/07\/cabecera2.jpg",1920,600,false],"portraits":["https:\/\/inycial.com\/wp-content\/uploads\/2017\/07\/cabecera2.jpg",1920,600,false],"thumbnail":["https:\/\/inycial.com\/wp-content\/uploads\/2017\/07\/cabecera2-150x150.jpg",150,150,true],"medium":["https:\/\/inycial.com\/wp-content\/uploads\/2017\/07\/cabecera2-300x94.jpg",300,94,true],"large":["https:\/\/inycial.com\/wp-content\/uploads\/2017\/07\/cabecera2-1024x320.jpg",1024,320,true],"1536x1536":["https:\/\/inycial.com\/wp-content\/uploads\/2017\/07\/cabecera2.jpg",1536,480,false],"2048x2048":["https:\/\/inycial.com\/wp-content\/uploads\/2017\/07\/cabecera2.jpg",1920,600,false],"post-thumbnail":["https:\/\/inycial.com\/wp-content\/uploads\/2017\/07\/cabecera2-300x250.jpg",300,250,true],"vega-post-thumbnail-recent":["https:\/\/inycial.com\/wp-content\/uploads\/2017\/07\/cabecera2-350x220.jpg",350,220,true]},"rttpg_author":{"display_name":"inycial.com","author_link":"https:\/\/inycial.com\/index.php\/author\/inycial-com\/"},"rttpg_comment":1,"rttpg_category":null,"rttpg_excerpt":"Inycia desarrolla Proyectos Industriales de Ingenier\u00eda participando en todas las Fases del Proyecto: Concepci\u00f3n, Ingenier\u00eda B\u00e1sica, Ingenier\u00eda de Detalle y Construcci\u00f3n. Definimos, dise\u00f1amos y calculamos todos los elementos que componen el proceso, analiz\u00e1ndolos y optimiz\u00e1ndolos, realizando la definici\u00f3n completa de todos ellos, obra civil, estructuras, instalaciones, maquinaria y equipos. Inycia desarrolla proyectos en diferentes tipos&hellip;","_links":{"self":[{"href":"https:\/\/inycial.com\/index.php\/wp-json\/wp\/v2\/pages\/179","targetHints":{"allow":["GET"]}}],"collection":[{"href":"https:\/\/inycial.com\/index.php\/wp-json\/wp\/v2\/pages"}],"about":[{"href":"https:\/\/inycial.com\/index.php\/wp-json\/wp\/v2\/types\/page"}],"author":[{"embeddable":true,"href":"https:\/\/inycial.com\/index.php\/wp-json\/wp\/v2\/users\/1"}],"replies":[{"embeddable":true,"href":"https:\/\/inycial.com\/index.php\/wp-json\/wp\/v2\/comments?post=179"}],"version-history":[{"count":50,"href":"https:\/\/inycial.com\/index.php\/wp-json\/wp\/v2\/pages\/179\/revisions"}],"predecessor-version":[{"id":1495,"href":"https:\/\/inycial.com\/index.php\/wp-json\/wp\/v2\/pages\/179\/revisions\/1495"}],"up":[{"embeddable":true,"href":"https:\/\/inycial.com\/index.php\/wp-json\/wp\/v2\/pages\/47"}],"wp:featuredmedia":[{"embeddable":true,"href":"https:\/\/inycial.com\/index.php\/wp-json\/wp\/v2\/media\/706"}],"wp:attachment":[{"href":"https:\/\/inycial.com\/index.php\/wp-json\/wp\/v2\/media?parent=179"}],"curies":[{"name":"wp","href":"https:\/\/api.w.org\/{rel}","templated":true}]}}