{"id":1488,"date":"2022-10-21T20:04:25","date_gmt":"2022-10-21T18:04:25","guid":{"rendered":"https:\/\/inycial.com\/?page_id=1488"},"modified":"2024-10-24T12:34:17","modified_gmt":"2024-10-24T10:34:17","slug":"externalizacion-servicios-de-ingenieria","status":"publish","type":"page","link":"https:\/\/inycial.com\/index.php\/inycia-ingenieros-y-consultores\/servicios\/ingenieria-industrial\/externalizacion-servicios-de-ingenieria\/","title":{"rendered":"EXTERNALIZACI\u00d3N SERVICIOS DE INGENIER\u00cdA"},"content":{"rendered":"\n<h2 class=\"wp-block-heading\">La externalizaci\u00f3n u&nbsp;outsourcing permite disponer de los mejores especialistas&nbsp;para un proyecto o un periodo determinado.<\/h2>\n\n\n\n<h2 class=\"wp-block-heading has-white-color has-vivid-cyan-blue-background-color has-text-color has-background\"><strong>\u00bfPor qu\u00e9 externalizar tus proyectos de ingenier\u00eda?<\/strong><\/h2>\n\n\n\n<p>Estamos en un<strong>&nbsp;mercado industrial muy competitivo<\/strong>&nbsp;y cada vez es m\u00e1s necesario contar con un&nbsp;apoyo externo para dar respuesta a tus clientes.<\/p>\n\n\n\n<p><strong>El Outsourcing de ingenier\u00eda<\/strong>&nbsp;es la f\u00f3rmula m\u00e1s flexible y eficiente para&nbsp;<strong>ampliar temporalmente tu equipo<\/strong>&nbsp;de ingenier\u00eda, y lo puedes hacer sin aumentar los costes de estructura. <\/p>\n\n\n\n<p><strong><em>Inycia<\/em><\/strong> aporta su&nbsp;<em>know-how<\/em>, sus herramientas y los materiales de alta calidad necesarios para desarrollar una soluci\u00f3n completa acorde con el proyecto. Esto permite mejorar la cobertura del servicio. \u00a1Una&nbsp;opci\u00f3n eficiente y flexible!<\/p>\n\n\n\n<h2 class=\"wp-block-heading has-white-color has-vivid-cyan-blue-background-color has-text-color has-background\"><strong><em>Inycia<\/em> TE AYUDA A OPTIMIZAR LA GESTI\u00d3N DE TU PROYECTO<\/strong><\/h2>\n\n\n\n<p>Esta forma de subcontrataci\u00f3n conlleva un ahorro significativo en costes de&nbsp;gesti\u00f3n de capital humano, ya que cuentas con los profesionales solo cuando los necesitas, eliminando costes ocultos y transformando los costes fijos y variables.<\/p>\n\n\n\n<h2 class=\"wp-block-heading has-white-color has-vivid-cyan-blue-background-color has-text-color has-background\"><strong>\u00bfCu\u00e1les son las Competencias que podemos ofrecerte?<\/strong><\/h2>\n\n\n\n<h2 class=\"wp-block-heading\"><strong>Layouts-PIPING \u2013 P&amp;ID en 3D y 2D<\/strong><\/h2>\n\n\n\n<p>Son muchos los departamentos (Comercial, T\u00e9cnico, Servicio post venta, Operaciones, \u2026) dentro de una empresa que necesitan presentar implantaciones, layouts, trazados de tuber\u00edas o diagramas de flujo de sus instalaciones para presentar a sus clientes, reuniones internas, formaciones, etc.&nbsp;<strong><em>Inycia<\/em><\/strong>&nbsp;ofrece la posibilidad de externalizar estos layouts, pipings o P&amp;ID con total confidencialidad y asegurando la calidad del trabajo realizado.<\/p>\n\n\n\n<h2 class=\"wp-block-heading\"><strong>Ingenier\u00eda de detalle 3D y 2D de instalaciones industriales i equipos<\/strong><\/h2>\n\n\n\n<p>En muchos sectores industriales se requiere de una oficina t\u00e9cnica con ingenieros y delineantes para el desarrollo de planos de detalle, 3D, etc. Cuando por motivos econ\u00f3micos o de personal no es factible disponer de estos ingenieros es muy com\u00fan la subcontrataci\u00f3n de delineantes o ingenieros por horas o por d\u00edas en momentos puntuales o de trabajo punta. En&nbsp;<strong><em>Inycia<\/em><\/strong>&nbsp;disponemos de un equipo de ingenieros y t\u00e9cnicos especialistas en el sector industrial para ofrecer un servicio r\u00e1pido, econ\u00f3mico y eficaz en el desarrollo de planos, 3D\u2019s, dise\u00f1o de prototipos o equipos para ahorrar tiempo, papeleo y dinero a nuestros clientes finales.<\/p>\n\n\n\n<h2 class=\"wp-block-heading\"><strong>C\u00e1lculo y dise\u00f1o estructuras met\u00e1licas<\/strong><\/h2>\n\n\n\n<p>\u00bfNecesita construir, ampliar o modificar una estructura met\u00e1lica?<\/p>\n\n\n\n<p>No dude, el equipo de <strong><em>Inycia<\/em><\/strong> puede asesorar, calcular y dise\u00f1ar cualquier tipo de estructura met\u00e1lica que se ajuste a sus proyectos y\/o construcciones, obteniendo la soluci\u00f3n id\u00f3nea para sus necesidades t\u00e9cnicas y econ\u00f3micas. <\/p>\n\n\n\n<h2 class=\"wp-block-heading\">Externalizaci\u00f3n de planos as-built<\/h2>\n\n\n\n<p>Finalizado un proyecto, en muchos casos es requerido la realizaci\u00f3n de los planos finales (As built). Hay que reflejar todas aquellas modificaciones de los planos iniciales y que por varios motivos durante la obra han sido construidos de forma distinta a lo previsto inicialmente. En <strong><em>Inycia<\/em><\/strong> sabemos que los nuevos proyectos y las tareas diarias complican la realizaci\u00f3n de estos planos ASBuilt y por tanto el cierre correcto del proyecto. Por eso ofrecemos un servicio \u00e1gil y eficaz que con solo las indicaciones y anotaciones del cliente revisamos todos los planos del proyecto para actualizarlo y cerrarlo definitivamente. <\/p>\n","protected":false},"excerpt":{"rendered":"<p>La externalizaci\u00f3n u&nbsp;outsourcing permite disponer de los mejores especialistas&nbsp;para un proyecto o un periodo determinado. \u00bfPor qu\u00e9 externalizar tus proyectos de ingenier\u00eda? Estamos en un&nbsp;mercado industrial muy competitivo&nbsp;y cada vez es m\u00e1s necesario contar con un&nbsp;apoyo externo para dar respuesta a tus clientes. El Outsourcing de ingenier\u00eda&nbsp;es la f\u00f3rmula m\u00e1s flexible y eficiente para&nbsp;ampliar temporalmente tu equipo&nbsp;de ingenier\u00eda, y lo puedes hacer sin aumentar los [&hellip;]<\/p>\n","protected":false},"author":1,"featured_media":1197,"parent":559,"menu_order":13,"comment_status":"closed","ping_status":"closed","template":"","meta":{"footnotes":""},"class_list":["post-1488","page","type-page","status-publish","has-post-thumbnail","hentry"],"yoast_head":"<!-- This site is optimized with the Yoast SEO plugin v27.4 - https:\/\/yoast.com\/product\/yoast-seo-wordpress\/ -->\n<title>EXTERNALIZACI\u00d3N SERVICIOS DE INGENIER\u00cdA - Inycia Ingenieros y Consultores<\/title>\n<meta name=\"robots\" content=\"index, follow, max-snippet:-1, max-image-preview:large, max-video-preview:-1\" \/>\n<link rel=\"canonical\" href=\"https:\/\/inycial.com\/index.php\/inycia-ingenieros-y-consultores\/servicios\/ingenieria-industrial\/externalizacion-servicios-de-ingenieria\/\" \/>\n<meta property=\"og:locale\" content=\"es_ES\" \/>\n<meta property=\"og:type\" content=\"article\" \/>\n<meta property=\"og:title\" content=\"EXTERNALIZACI\u00d3N SERVICIOS DE INGENIER\u00cdA - Inycia Ingenieros y Consultores\" \/>\n<meta property=\"og:description\" content=\"La externalizaci\u00f3n u&nbsp;outsourcing permite disponer de los mejores especialistas&nbsp;para un proyecto o un periodo determinado. \u00bfPor qu\u00e9 externalizar tus proyectos de ingenier\u00eda? Estamos en un&nbsp;mercado industrial muy competitivo&nbsp;y cada vez es m\u00e1s necesario contar con un&nbsp;apoyo externo para dar respuesta a tus clientes. El Outsourcing de ingenier\u00eda&nbsp;es la f\u00f3rmula m\u00e1s flexible y eficiente para&nbsp;ampliar temporalmente tu equipo&nbsp;de ingenier\u00eda, y lo puedes hacer sin aumentar los [&hellip;]\" \/>\n<meta property=\"og:url\" content=\"https:\/\/inycial.com\/index.php\/inycia-ingenieros-y-consultores\/servicios\/ingenieria-industrial\/externalizacion-servicios-de-ingenieria\/\" \/>\n<meta property=\"og:site_name\" content=\"Inycia Ingenieros y Consultores\" \/>\n<meta property=\"article:publisher\" content=\"https:\/\/www.facebook.com\/inycial\/\" \/>\n<meta property=\"article:modified_time\" content=\"2024-10-24T10:34:17+00:00\" \/>\n<meta property=\"og:image\" content=\"https:\/\/inycial.com\/wp-content\/uploads\/2021\/11\/Banner-post_Ingenieria-Industrial.png\" \/>\n\t<meta property=\"og:image:width\" content=\"6912\" \/>\n\t<meta property=\"og:image:height\" content=\"3456\" \/>\n\t<meta property=\"og:image:type\" content=\"image\/png\" \/>\n<meta name=\"twitter:card\" content=\"summary_large_image\" \/>\n<meta name=\"twitter:site\" content=\"@inycial\" \/>\n<meta name=\"twitter:label1\" content=\"Tiempo de lectura\" \/>\n\t<meta name=\"twitter:data1\" content=\"3 minutos\" \/>\n<script type=\"application\/ld+json\" class=\"yoast-schema-graph\">{\"@context\":\"https:\\\/\\\/schema.org\",\"@graph\":[{\"@type\":\"WebPage\",\"@id\":\"https:\\\/\\\/inycial.com\\\/index.php\\\/inycia-ingenieros-y-consultores\\\/servicios\\\/ingenieria-industrial\\\/externalizacion-servicios-de-ingenieria\\\/\",\"url\":\"https:\\\/\\\/inycial.com\\\/index.php\\\/inycia-ingenieros-y-consultores\\\/servicios\\\/ingenieria-industrial\\\/externalizacion-servicios-de-ingenieria\\\/\",\"name\":\"EXTERNALIZACI\u00d3N SERVICIOS DE INGENIER\u00cdA - Inycia Ingenieros y Consultores\",\"isPartOf\":{\"@id\":\"https:\\\/\\\/inycial.com\\\/#website\"},\"primaryImageOfPage\":{\"@id\":\"https:\\\/\\\/inycial.com\\\/index.php\\\/inycia-ingenieros-y-consultores\\\/servicios\\\/ingenieria-industrial\\\/externalizacion-servicios-de-ingenieria\\\/#primaryimage\"},\"image\":{\"@id\":\"https:\\\/\\\/inycial.com\\\/index.php\\\/inycia-ingenieros-y-consultores\\\/servicios\\\/ingenieria-industrial\\\/externalizacion-servicios-de-ingenieria\\\/#primaryimage\"},\"thumbnailUrl\":\"https:\\\/\\\/inycial.com\\\/wp-content\\\/uploads\\\/2021\\\/11\\\/Banner-post_Ingenieria-Industrial.png\",\"datePublished\":\"2022-10-21T18:04:25+00:00\",\"dateModified\":\"2024-10-24T10:34:17+00:00\",\"breadcrumb\":{\"@id\":\"https:\\\/\\\/inycial.com\\\/index.php\\\/inycia-ingenieros-y-consultores\\\/servicios\\\/ingenieria-industrial\\\/externalizacion-servicios-de-ingenieria\\\/#breadcrumb\"},\"inLanguage\":\"es\",\"potentialAction\":[{\"@type\":\"ReadAction\",\"target\":[\"https:\\\/\\\/inycial.com\\\/index.php\\\/inycia-ingenieros-y-consultores\\\/servicios\\\/ingenieria-industrial\\\/externalizacion-servicios-de-ingenieria\\\/\"]}]},{\"@type\":\"ImageObject\",\"inLanguage\":\"es\",\"@id\":\"https:\\\/\\\/inycial.com\\\/index.php\\\/inycia-ingenieros-y-consultores\\\/servicios\\\/ingenieria-industrial\\\/externalizacion-servicios-de-ingenieria\\\/#primaryimage\",\"url\":\"https:\\\/\\\/inycial.com\\\/wp-content\\\/uploads\\\/2021\\\/11\\\/Banner-post_Ingenieria-Industrial.png\",\"contentUrl\":\"https:\\\/\\\/inycial.com\\\/wp-content\\\/uploads\\\/2021\\\/11\\\/Banner-post_Ingenieria-Industrial.png\",\"width\":6912,\"height\":3456},{\"@type\":\"BreadcrumbList\",\"@id\":\"https:\\\/\\\/inycial.com\\\/index.php\\\/inycia-ingenieros-y-consultores\\\/servicios\\\/ingenieria-industrial\\\/externalizacion-servicios-de-ingenieria\\\/#breadcrumb\",\"itemListElement\":[{\"@type\":\"ListItem\",\"position\":1,\"name\":\"Portada\",\"item\":\"https:\\\/\\\/inycial.com\\\/\"},{\"@type\":\"ListItem\",\"position\":2,\"name\":\"Inycia Ingenieros y Consultores\",\"item\":\"https:\\\/\\\/inycial.com\\\/\"},{\"@type\":\"ListItem\",\"position\":3,\"name\":\"SERVICIOS\",\"item\":\"https:\\\/\\\/inycial.com\\\/index.php\\\/inycia-ingenieros-y-consultores\\\/servicios\\\/\"},{\"@type\":\"ListItem\",\"position\":4,\"name\":\"INGENIER\u00cdA INDUSTRIAL\",\"item\":\"https:\\\/\\\/inycial.com\\\/index.php\\\/inycia-ingenieros-y-consultores\\\/servicios\\\/ingenieria-industrial\\\/\"},{\"@type\":\"ListItem\",\"position\":5,\"name\":\"EXTERNALIZACI\u00d3N SERVICIOS DE INGENIER\u00cdA\"}]},{\"@type\":\"WebSite\",\"@id\":\"https:\\\/\\\/inycial.com\\\/#website\",\"url\":\"https:\\\/\\\/inycial.com\\\/\",\"name\":\"Inycia Ingenieros y Consultores\",\"description\":\"Ingenier\u00eda y Consultor\u00eda instalaciones industriales y seguridad industrial\",\"publisher\":{\"@id\":\"https:\\\/\\\/inycial.com\\\/#organization\"},\"potentialAction\":[{\"@type\":\"SearchAction\",\"target\":{\"@type\":\"EntryPoint\",\"urlTemplate\":\"https:\\\/\\\/inycial.com\\\/?s={search_term_string}\"},\"query-input\":{\"@type\":\"PropertyValueSpecification\",\"valueRequired\":true,\"valueName\":\"search_term_string\"}}],\"inLanguage\":\"es\"},{\"@type\":\"Organization\",\"@id\":\"https:\\\/\\\/inycial.com\\\/#organization\",\"name\":\"Inycia Ingenieros y Consultores\",\"url\":\"https:\\\/\\\/inycial.com\\\/\",\"logo\":{\"@type\":\"ImageObject\",\"inLanguage\":\"es\",\"@id\":\"https:\\\/\\\/inycial.com\\\/#\\\/schema\\\/logo\\\/image\\\/\",\"url\":\"https:\\\/\\\/inycial.com\\\/wp-content\\\/uploads\\\/2017\\\/03\\\/Logo-e1490218059466.jpg\",\"contentUrl\":\"https:\\\/\\\/inycial.com\\\/wp-content\\\/uploads\\\/2017\\\/03\\\/Logo-e1490218059466.jpg\",\"width\":165,\"height\":41,\"caption\":\"Inycia Ingenieros y Consultores\"},\"image\":{\"@id\":\"https:\\\/\\\/inycial.com\\\/#\\\/schema\\\/logo\\\/image\\\/\"},\"sameAs\":[\"https:\\\/\\\/www.facebook.com\\\/inycial\\\/\",\"https:\\\/\\\/x.com\\\/inycial\",\"https:\\\/\\\/www.linkedin.com\\\/company\\\/ingenieria-y-consultoria-instalaciones-almacenamiento-s-l-\",\"https:\\\/\\\/www.pinterest.es\\\/inycial\\\/\"]}]}<\/script>\n<!-- \/ Yoast SEO plugin. -->","yoast_head_json":{"title":"EXTERNALIZACI\u00d3N SERVICIOS DE INGENIER\u00cdA - Inycia Ingenieros y Consultores","robots":{"index":"index","follow":"follow","max-snippet":"max-snippet:-1","max-image-preview":"max-image-preview:large","max-video-preview":"max-video-preview:-1"},"canonical":"https:\/\/inycial.com\/index.php\/inycia-ingenieros-y-consultores\/servicios\/ingenieria-industrial\/externalizacion-servicios-de-ingenieria\/","og_locale":"es_ES","og_type":"article","og_title":"EXTERNALIZACI\u00d3N SERVICIOS DE INGENIER\u00cdA - Inycia Ingenieros y Consultores","og_description":"La externalizaci\u00f3n u&nbsp;outsourcing permite disponer de los mejores especialistas&nbsp;para un proyecto o un periodo determinado. \u00bfPor qu\u00e9 externalizar tus proyectos de ingenier\u00eda? Estamos en un&nbsp;mercado industrial muy competitivo&nbsp;y cada vez es m\u00e1s necesario contar con un&nbsp;apoyo externo para dar respuesta a tus clientes. El Outsourcing de ingenier\u00eda&nbsp;es la f\u00f3rmula m\u00e1s flexible y eficiente para&nbsp;ampliar temporalmente tu equipo&nbsp;de ingenier\u00eda, y lo puedes hacer sin aumentar los [&hellip;]","og_url":"https:\/\/inycial.com\/index.php\/inycia-ingenieros-y-consultores\/servicios\/ingenieria-industrial\/externalizacion-servicios-de-ingenieria\/","og_site_name":"Inycia Ingenieros y Consultores","article_publisher":"https:\/\/www.facebook.com\/inycial\/","article_modified_time":"2024-10-24T10:34:17+00:00","og_image":[{"width":6912,"height":3456,"url":"https:\/\/inycial.com\/wp-content\/uploads\/2021\/11\/Banner-post_Ingenieria-Industrial.png","type":"image\/png"}],"twitter_card":"summary_large_image","twitter_site":"@inycial","twitter_misc":{"Tiempo de lectura":"3 minutos"},"schema":{"@context":"https:\/\/schema.org","@graph":[{"@type":"WebPage","@id":"https:\/\/inycial.com\/index.php\/inycia-ingenieros-y-consultores\/servicios\/ingenieria-industrial\/externalizacion-servicios-de-ingenieria\/","url":"https:\/\/inycial.com\/index.php\/inycia-ingenieros-y-consultores\/servicios\/ingenieria-industrial\/externalizacion-servicios-de-ingenieria\/","name":"EXTERNALIZACI\u00d3N SERVICIOS DE INGENIER\u00cdA - Inycia Ingenieros y Consultores","isPartOf":{"@id":"https:\/\/inycial.com\/#website"},"primaryImageOfPage":{"@id":"https:\/\/inycial.com\/index.php\/inycia-ingenieros-y-consultores\/servicios\/ingenieria-industrial\/externalizacion-servicios-de-ingenieria\/#primaryimage"},"image":{"@id":"https:\/\/inycial.com\/index.php\/inycia-ingenieros-y-consultores\/servicios\/ingenieria-industrial\/externalizacion-servicios-de-ingenieria\/#primaryimage"},"thumbnailUrl":"https:\/\/inycial.com\/wp-content\/uploads\/2021\/11\/Banner-post_Ingenieria-Industrial.png","datePublished":"2022-10-21T18:04:25+00:00","dateModified":"2024-10-24T10:34:17+00:00","breadcrumb":{"@id":"https:\/\/inycial.com\/index.php\/inycia-ingenieros-y-consultores\/servicios\/ingenieria-industrial\/externalizacion-servicios-de-ingenieria\/#breadcrumb"},"inLanguage":"es","potentialAction":[{"@type":"ReadAction","target":["https:\/\/inycial.com\/index.php\/inycia-ingenieros-y-consultores\/servicios\/ingenieria-industrial\/externalizacion-servicios-de-ingenieria\/"]}]},{"@type":"ImageObject","inLanguage":"es","@id":"https:\/\/inycial.com\/index.php\/inycia-ingenieros-y-consultores\/servicios\/ingenieria-industrial\/externalizacion-servicios-de-ingenieria\/#primaryimage","url":"https:\/\/inycial.com\/wp-content\/uploads\/2021\/11\/Banner-post_Ingenieria-Industrial.png","contentUrl":"https:\/\/inycial.com\/wp-content\/uploads\/2021\/11\/Banner-post_Ingenieria-Industrial.png","width":6912,"height":3456},{"@type":"BreadcrumbList","@id":"https:\/\/inycial.com\/index.php\/inycia-ingenieros-y-consultores\/servicios\/ingenieria-industrial\/externalizacion-servicios-de-ingenieria\/#breadcrumb","itemListElement":[{"@type":"ListItem","position":1,"name":"Portada","item":"https:\/\/inycial.com\/"},{"@type":"ListItem","position":2,"name":"Inycia Ingenieros y Consultores","item":"https:\/\/inycial.com\/"},{"@type":"ListItem","position":3,"name":"SERVICIOS","item":"https:\/\/inycial.com\/index.php\/inycia-ingenieros-y-consultores\/servicios\/"},{"@type":"ListItem","position":4,"name":"INGENIER\u00cdA INDUSTRIAL","item":"https:\/\/inycial.com\/index.php\/inycia-ingenieros-y-consultores\/servicios\/ingenieria-industrial\/"},{"@type":"ListItem","position":5,"name":"EXTERNALIZACI\u00d3N SERVICIOS DE INGENIER\u00cdA"}]},{"@type":"WebSite","@id":"https:\/\/inycial.com\/#website","url":"https:\/\/inycial.com\/","name":"Inycia Ingenieros y Consultores","description":"Ingenier\u00eda y Consultor\u00eda instalaciones industriales y seguridad industrial","publisher":{"@id":"https:\/\/inycial.com\/#organization"},"potentialAction":[{"@type":"SearchAction","target":{"@type":"EntryPoint","urlTemplate":"https:\/\/inycial.com\/?s={search_term_string}"},"query-input":{"@type":"PropertyValueSpecification","valueRequired":true,"valueName":"search_term_string"}}],"inLanguage":"es"},{"@type":"Organization","@id":"https:\/\/inycial.com\/#organization","name":"Inycia Ingenieros y Consultores","url":"https:\/\/inycial.com\/","logo":{"@type":"ImageObject","inLanguage":"es","@id":"https:\/\/inycial.com\/#\/schema\/logo\/image\/","url":"https:\/\/inycial.com\/wp-content\/uploads\/2017\/03\/Logo-e1490218059466.jpg","contentUrl":"https:\/\/inycial.com\/wp-content\/uploads\/2017\/03\/Logo-e1490218059466.jpg","width":165,"height":41,"caption":"Inycia Ingenieros y Consultores"},"image":{"@id":"https:\/\/inycial.com\/#\/schema\/logo\/image\/"},"sameAs":["https:\/\/www.facebook.com\/inycial\/","https:\/\/x.com\/inycial","https:\/\/www.linkedin.com\/company\/ingenieria-y-consultoria-instalaciones-almacenamiento-s-l-","https:\/\/www.pinterest.es\/inycial\/"]}]}},"rttpg_featured_image_url":{"full":["https:\/\/inycial.com\/wp-content\/uploads\/2021\/11\/Banner-post_Ingenieria-Industrial.png",6912,3456,false],"landscape":["https:\/\/inycial.com\/wp-content\/uploads\/2021\/11\/Banner-post_Ingenieria-Industrial.png",6912,3456,false],"portraits":["https:\/\/inycial.com\/wp-content\/uploads\/2021\/11\/Banner-post_Ingenieria-Industrial.png",6912,3456,false],"thumbnail":["https:\/\/inycial.com\/wp-content\/uploads\/2021\/11\/Banner-post_Ingenieria-Industrial-150x150.png",150,150,true],"medium":["https:\/\/inycial.com\/wp-content\/uploads\/2021\/11\/Banner-post_Ingenieria-Industrial-300x150.png",300,150,true],"large":["https:\/\/inycial.com\/wp-content\/uploads\/2021\/11\/Banner-post_Ingenieria-Industrial-1024x512.png",1024,512,true],"1536x1536":["https:\/\/inycial.com\/wp-content\/uploads\/2021\/11\/Banner-post_Ingenieria-Industrial-1536x768.png",1536,768,true],"2048x2048":["https:\/\/inycial.com\/wp-content\/uploads\/2021\/11\/Banner-post_Ingenieria-Industrial-2048x1024.png",2048,1024,true],"post-thumbnail":["https:\/\/inycial.com\/wp-content\/uploads\/2021\/11\/Banner-post_Ingenieria-Industrial-300x250.png",300,250,true],"vega-post-thumbnail-recent":["https:\/\/inycial.com\/wp-content\/uploads\/2021\/11\/Banner-post_Ingenieria-Industrial-350x220.png",350,220,true]},"rttpg_author":{"display_name":"inycial.com","author_link":"https:\/\/inycial.com\/index.php\/author\/inycial-com\/"},"rttpg_comment":0,"rttpg_category":null,"rttpg_excerpt":"La externalizaci\u00f3n u&nbsp;outsourcing permite disponer de los mejores especialistas&nbsp;para un proyecto o un periodo determinado. \u00bfPor qu\u00e9 externalizar tus proyectos de ingenier\u00eda? Estamos en un&nbsp;mercado industrial muy competitivo&nbsp;y cada vez es m\u00e1s necesario contar con un&nbsp;apoyo externo para dar respuesta a tus clientes. El Outsourcing de ingenier\u00eda&nbsp;es la f\u00f3rmula m\u00e1s flexible y eficiente para&nbsp;ampliar temporalmente&hellip;","_links":{"self":[{"href":"https:\/\/inycial.com\/index.php\/wp-json\/wp\/v2\/pages\/1488","targetHints":{"allow":["GET"]}}],"collection":[{"href":"https:\/\/inycial.com\/index.php\/wp-json\/wp\/v2\/pages"}],"about":[{"href":"https:\/\/inycial.com\/index.php\/wp-json\/wp\/v2\/types\/page"}],"author":[{"embeddable":true,"href":"https:\/\/inycial.com\/index.php\/wp-json\/wp\/v2\/users\/1"}],"replies":[{"embeddable":true,"href":"https:\/\/inycial.com\/index.php\/wp-json\/wp\/v2\/comments?post=1488"}],"version-history":[{"count":4,"href":"https:\/\/inycial.com\/index.php\/wp-json\/wp\/v2\/pages\/1488\/revisions"}],"predecessor-version":[{"id":1904,"href":"https:\/\/inycial.com\/index.php\/wp-json\/wp\/v2\/pages\/1488\/revisions\/1904"}],"up":[{"embeddable":true,"href":"https:\/\/inycial.com\/index.php\/wp-json\/wp\/v2\/pages\/559"}],"wp:featuredmedia":[{"embeddable":true,"href":"https:\/\/inycial.com\/index.php\/wp-json\/wp\/v2\/media\/1197"}],"wp:attachment":[{"href":"https:\/\/inycial.com\/index.php\/wp-json\/wp\/v2\/media?parent=1488"}],"curies":[{"name":"wp","href":"https:\/\/api.w.org\/{rel}","templated":true}]}}